{"id":704,"date":"2013-11-15T21:02:47","date_gmt":"2013-11-15T20:02:47","guid":{"rendered":"http:\/\/www.worwani.eu\/?page_id=704"},"modified":"2013-11-15T21:04:41","modified_gmt":"2013-11-15T20:04:41","slug":"sazava-2004-aneb-doba-drevni","status":"publish","type":"page","link":"https:\/\/www.worwani.eu\/?page_id=704","title":{"rendered":"S\u00e1zava 2004 aneb doba d\u0159evn\u00ed"},"content":{"rendered":"<p><a href=\"http:\/\/www.worwani.eu\/wp-content\/uploads\/2013\/11\/clanek_sazava_01.jpg\"><img loading=\"lazy\" decoding=\"async\" class=\"size-full wp-image-706 alignleft\" alt=\"clanek_sazava_01\" src=\"http:\/\/www.worwani.eu\/wp-content\/uploads\/2013\/11\/clanek_sazava_01.jpg\" width=\"210\" height=\"139\" srcset=\"https:\/\/www.worwani.eu\/wp-content\/uploads\/2013\/11\/clanek_sazava_01.jpg 210w, https:\/\/www.worwani.eu\/wp-content\/uploads\/2013\/11\/clanek_sazava_01-150x99.jpg 150w, https:\/\/www.worwani.eu\/wp-content\/uploads\/2013\/11\/clanek_sazava_01-120x80.jpg 120w\" sizes=\"auto, (max-width: 210px) 100vw, 210px\" \/><\/a> \u00a0Je 4. ledna ve\u010der, j\u00e1 sed\u00edm u okna, d\u00edv\u00e1m se, jak ulic\u00ed poletuje sn\u00edh a p\u0159em\u00fd\u0161l\u00edm, \u017ee z\u00edtra nebo poz\u00edt\u0159\u00ed vyt\u00e1hnu b\u011b\u017eky. No \u2013 asi se nedalo \u010dekat, \u017ee budeme zase jezdit celou zimu na vodu tak jako vloni. Tak n\u00e1m nejsp\u00ed\u0161 zb\u00fdv\u00e1 t\u011b\u0161it se jednou za \u010dtrn\u00e1ct dn\u00ed na hodinku eskymov\u00e1n\u00ed v baz\u00e9nu a na jaro, kdy pro n\u00e1s Bezi chyst\u00e1 b\u011bsy jako Kamenici, Jizeru, Labe a dal\u0161\u00ed hr\u016fzy&#8230;<\/p>\n<p>Co m\u011b ale p\u0159im\u011blo sednout k po\u010d\u00edta\u010di a za\u010d\u00edt smolit tenhle \u010dl\u00e1nek byly star\u00e9 fotky. P\u0159ed p\u00e1r dny jsem se hrabal v knihovn\u011b a prohl\u00ed\u017eel star\u00e1 alba a najednou jsem v nich objevil p\u00e1r obr\u00e1zk\u016f, kter\u00e9 mi p\u0159ipomn\u011bly pam\u00e1tnou pr\u016fkopnickou akci, kterou jsme podnikli o velikonoc\u00edch kter\u00e9hosi roku (nejsp\u00ed\u0161 2004, ale krk bych za to rozhodn\u011b nedal). Proto\u017ee se ze skupinky dobrodruh\u016f, kte\u0159\u00ed se t\u00e9to pam\u00e1tn\u00e9 vod\u00e1ck\u00e9 akce z\u00fa\u010dastnili, pozd\u011bji vyvinuli dne\u0161n\u00ed WorWan\u00ed, mysl\u00edm, \u017ee ur\u010dit\u011b stoj\u00ed za to, aby neupadla v zapomn\u011bn\u00ed. Proto\u017ee jsem u\u017e v\u0161ak star\u0161\u00ed p\u00e1n, t\u011bsn\u011b p\u0159ed d\u016fchodem, a pam\u011b\u0165 mi ji\u017e neslou\u017e\u00ed tak, jako d\u0159\u00edv, pros\u00edm v\u0161echny pam\u011btn\u00edky o shov\u00edvavost k p\u0159\u00edpadn\u00fdm chyb\u00e1m&#8230;<\/p>\n<p>Toho roku padlo rozhodnut\u00ed str\u00e1vit Velikonoce na vod\u011b. Proto\u017ee v\u0161ude le\u017eely mraky taj\u00edc\u00edho sn\u011bhu, teklo kdeco. My se rozhodli pro dva \u00faseky S\u00e1zavy \u2013 ten nejhorn\u011bj\u0161\u00ed \u2013 Star\u00e9 Hamry \u2013 Ronov na p\u00e1lav\u00e1ch a ten nejspodn\u011bj\u0161\u00ed \u2013 T\u00fdnec \u2013 Pikovice na raftu. Dva dny p\u0159ed akc\u00ed byl na S\u00e1zav\u011b vyhl\u00e1\u0161en povod\u0148ov\u00fd stav. Proto\u017ee to bylo je\u0161t\u011b v d\u0159evn\u00edch dob\u00e1ch na\u0161\u00ed vod\u00e1ck\u00e9 party, divokou vodu v t\u00e9 dob\u011b jezdil jenom dnes ji\u017e t\u0159aslav\u00fd a blekotav\u00fd sta\u0159\u00edk Bezi. Ti mlad\u0161\u00ed z n\u00e1s za sebou je\u0161t\u011b tahali na prov\u00e1zku ka\u010denku a rodi\u010de jim tehdy zak\u00e1zali s n\u00e1mi jet (vi\u010f Pafko). No a my, co jsme sl\u00edbili, \u017ee pojedem a na prvn\u00ed den zamluvili v Bisportu raft, jsme v hr\u016fze poslouchali Beziho nad\u0161en\u00e9 \u0159e\u010di, jak voda po\u0159\u00e1d stoup\u00e1, jak to bude super atd. atd. a ti\u0161e se k\u0159i\u017eovali. Pak n\u00e1m vysvitlo sv\u011bt\u00e9lko nad\u011bje \u2013 volal chlap\u00edk z Bisportu, \u017ee kv\u016fli povodn\u00edm nep\u016fj\u010duj\u00ed lod\u011b. Naoko zklaman\u011b jsem to ozn\u00e1mil Bezimu, kter\u00fd promptn\u011b zatelefonoval do T\u00fdnce, vysv\u011btlil jim, \u017ee jsme parta profesion\u00e1l\u016f s vlastn\u00ed v\u00fdbavou (Wiki Slati\u0148any :-o) &#8230;a oni n\u00e1m tu lo\u010f p\u016fj\u010dili&#8230;<\/p>\n<p><img loading=\"lazy\" decoding=\"async\" class=\"size-medium wp-image-707 alignleft\" style=\"font-size: 12px; line-height: 18px;\" alt=\"clanek_sazava_02\" src=\"http:\/\/www.worwani.eu\/wp-content\/uploads\/2013\/11\/clanek_sazava_02.jpg\" width=\"139\" height=\"210\" srcset=\"https:\/\/www.worwani.eu\/wp-content\/uploads\/2013\/11\/clanek_sazava_02.jpg 139w, https:\/\/www.worwani.eu\/wp-content\/uploads\/2013\/11\/clanek_sazava_02-99x150.jpg 99w\" sizes=\"auto, (max-width: 139px) 100vw, 139px\" \/>Tak\u017ee jsme o dva dny pozd\u011bji naklapali do s\u00eddla Bisportu v T\u00fdnci v t\u00e9to sestav\u011b: j\u00e1 s Kl\u00e1rkou, Karlos, Slunce, na slovo vzat\u00fd vod\u00e1k Mare\u010dek, jeho &#8211; tehdy p\u0159\u00edtelkyn\u011b (dnes man\u017eelka) M\u00f3\u0148a, kter\u00e1 pr\u00fd u\u017e taky n\u011bkdy byla na vod\u011b (tu\u0161im\u017ee Berounka, nebo tak n\u011bco&#8230;) a Bezi s kajakem. Pravda je, \u017ee jsme na vod\u011b nem\u011bli \u017e\u00e1dn\u00fd probl\u00e9m, kdy\u017e pominu to, \u017ee n\u00e1m Slunce dvakr\u00e1t z\u016fstalo v lodi dr\u017eet jen za jednu nohu a\u00a0\u017ee se n\u00e1m jednou kousl p\u0159edek raftu ve v\u00e1le\u010dku, kterej n\u00e1s necht\u011bl pustit, co\u017e cht\u011bla M\u00f3\u0148a \u0159e\u0161it dnes ji\u017e pam\u00e1tnou hl\u00e1\u0161kou: \u201ePoj\u010fte z toho ven! Poj\u010fte z toho ven!\u201c Trouf\u00e1m si tvrdit, \u017ee se to obe\u0161lo bez ztr\u00e1t na \u017eivotech zejm\u00e9na proto, \u017ee bylo tolik vody, \u017ee ka\u017edej, kdo byl schopnej udr\u017eet lo\u010f \u0161pic\u00ed dol\u016f po proudu, se nemohl vysypat&#8230;<\/p>\n<p>Den nato jsme nalo\u017eili p\u00e1lavy a vyrazili nahoru do Hamr\u016f. Tady je S\u00e1zava \u0161irok\u00e1 i za povodn\u00ed jen p\u00e1r metr\u016f (dneska to vid\u00edm jako takovej m\u00edrn\u011bj\u0161\u00ed a leh\u010d\u00ed Vav\u0159ine\u010d\u00e1k), ale my z toho m\u011bli o\u010di na vrch hlavy. T\u00fdnec \u2013 Pikovice jsme aspo\u0148 znali, ale tady nikdo netu\u0161il, do \u010deho to vlastn\u011b jedem a co n\u00e1s \u010dek\u00e1 za nejbli\u017e\u0161\u00ed zat\u00e1\u010dkou. Lo\u010fstvo a pos\u00e1dky \u2013 j\u00e1 s Kl\u00e1rkou a Karlos s B\u00e1bou na p\u00e1lav\u00e1ch. M\u00edra s M\u00edlou na zav\u0159en\u00fd deblici, Bezi s kajakem. \u0158eka byla vylit\u00e1 tak, \u017ee stromy st\u00e1ly ve vod\u011b, byla zima a d\u011bsivou atmosf\u00e9ru dokresloval sn\u00edh na b\u0159ez\u00edch. Ob\u010das jsme v n\u011bm, kdy\u017e jsme museli ven z lodi, b\u011bhali a\u017e po kolena. Celkem v pohod\u011b jsme projeli jeden jez a m\u00ed\u0159ili k dal\u0161\u00edmu, kterej ale, a\u010d se to podle kilometr\u00e1\u017ee nezd\u00e1lo, se objevil ne\u010dekan\u011b brzy. A proto\u017ee n\u00e1m tehd\u00e1 n\u011bjak\u00e1 organizace a taktika j\u00edzdy nic ne\u0159\u00edkala (vlastn\u011b nic moc ne\u0159\u00edk\u00e1 dodnes&#8230;), p\u0159edvedli jsme tady naprosto nev\u00eddan\u00fd tyj\u00e1tr. Prvn\u00ed lo\u010f, kter\u00e1 k jezu p\u0159ijela byli M\u00edla s M\u00edrou. Proto\u017ee ostatn\u00edm o kus ujeli, zastavili v zat\u00e1\u010dce asi tak t\u0159i metry od p\u0159epadu, zap\u00edchli machrovsky p\u00e1dla do z\u00e1v\u011bje na b\u0159ehu a kochali se. Pak jsme p\u0159ijeli my a taktak se jich sta\u010dili chytit. V tu chv\u00edli se ze zat\u00e1\u010dky vy\u0159\u00edtili Karlos s B\u00e1bou a rozst\u0159elili n\u00e1s jak koule na kule\u010dn\u00edku. Padli jsme bez p\u0159\u00edpravy do jezu, za kter\u00fdm n\u00e1sledovala zhruba stometrov\u00e1 pe\u0159ej kon\u010d\u00edc\u00ed sk\u00e1lou. Za n\u00e1mi tam sko\u010dili M\u00edla s M\u00edrou. P\u00e1dla m\u011bli st\u00e1le v z\u00e1v\u011bji na b\u0159ehu, tak\u017ee nem\u011bli sebemen\u0161\u00ed \u0161anci to ust\u00e1t. Ve vte\u0159in\u011b plavali kolem n\u00e1s a my se pokou\u0161eli je pochytat a zastavit. To se n\u00e1m povedlo jen tak, \u017ee jsme naprali \u0161pici lodi na b\u0159eh a ru\u010dkovali po v\u011btv\u00edch. Bezi to norm\u00e1ln\u011b sjel a m\u00e1val na n\u00e1s z druh\u00e9ho b\u0159ehu, a\u0165 b\u011b\u017e\u00edme nahoru. Tam viseli Karlos s B\u00e1bou ve vratech n\u00e1honu n\u011bjak\u00fd elektr\u00e1rni\u010dky \u010di \u010deho, Karlos se v\u0161\u00ed silou dr\u017eel stavidla a B\u00e1ba plandal pod jakousi l\u00e1vkou a s d\u011bsem v o\u010d\u00edch si prohl\u00ed\u017eel festovn\u00ed h\u0159eb\u00edky, kter\u00fd z n\u00ed dole tr\u010dely. Jak K\u00e1jovy doch\u00e1zely s\u00edly, pomalu se pou\u0161t\u011bl a B\u00e1bu ty h\u0159eb\u00edky u\u017e skoro \u0161imraly za u\u0161ima. My se k nim ze druh\u00e9ho b\u0159ehu nemohli nijak dostat. Na posledn\u00ed chv\u00edli p\u0159ib\u011bhl odspoda Bezi a spole\u010dn\u00fdma silama se jim s Karlosem poda\u0159ilo lo\u010f z n\u00e1honu vyt\u00e1hnout a zachr\u00e1nit B\u00e1bovi k\u016f\u017ei. Pak jsme pomoc\u00ed dvou h\u00e1ze\u010dek p\u0159et\u00e1hli na na\u0161i stranu ty dv\u011b p\u00e1dla a rad\u0161i odtud rychle odpluli&#8230;<\/p>\n<p><img loading=\"lazy\" decoding=\"async\" class=\"size-medium wp-image-708 alignright\" style=\"font-size: 12px; line-height: 18px;\" alt=\"clanek_sazava_03\" src=\"http:\/\/www.worwani.eu\/wp-content\/uploads\/2013\/11\/clanek_sazava_03.jpg\" width=\"210\" height=\"139\" srcset=\"https:\/\/www.worwani.eu\/wp-content\/uploads\/2013\/11\/clanek_sazava_03.jpg 210w, https:\/\/www.worwani.eu\/wp-content\/uploads\/2013\/11\/clanek_sazava_03-150x99.jpg 150w, https:\/\/www.worwani.eu\/wp-content\/uploads\/2013\/11\/clanek_sazava_03-120x80.jpg 120w\" sizes=\"auto, (max-width: 210px) 100vw, 210px\" \/>M\u00edla, kter\u00e1 str\u00e1vila ten den ve vod\u011b pom\u011brn\u011b dost \u010dasu (pr\u00e1skli se s M\u00edrou je\u0161t\u011b o jakejsi mostek \u2013 a m\u00e1m za to, \u017ee na stejn\u00e9m m\u00edst\u011b plavali i Karlos s B\u00e1bou, ale nechci kecat), n\u00e1m za\u010dala p\u011bkn\u011b promodr\u00e1vat. Nepom\u00e1hala ani ko\u0159alka. Zapla\u0165p\u00e1mbu se objevilo slun\u00ed\u010dko a za\u010dalo n\u00e1s p\u0159es neopr\u00e9ny trochu h\u0159\u00e1t. Taky voda u\u017e byla poklidn\u011bj\u0161\u00ed, jenom jsme dost \u010dasto vyskakovali na b\u0159eh kv\u016fli mno\u017estv\u00ed strom\u016f, kter\u00e9 byly v \u0159ece napadan\u00e9. To u\u017e se ale bl\u00ed\u017eil Ronov a s n\u00edm i konec na\u0161\u00ed plavby. Vylezli jsme u kr\u00e1sn\u00e9ho kamenn\u00e9ho mostu, nikdo se nezranil ani neutopil, M\u00edra vysomroval v bl\u00edzk\u00e9m statku lahv\u00e1\u010de, tak\u017ee nakonec byla i pohodi\u010dka&#8230;<\/p>\n<p>&#8230;Tak jsem si p\u011bkn\u011b zavzpom\u00ednal, dokonce i n\u011bjakou tu slzu jsem u toho zam\u00e1\u010dkl. Asi se je\u0161t\u011b n\u011bkdy v t\u011bch fotk\u00e1ch pohrabu, to by v tom byl \u010dert, abych je\u0161t\u011b n\u011bco zaj\u00edmav\u00fdho nena\u0161el&#8230;<\/p>\n","protected":false},"excerpt":{"rendered":"<p><a href=\"http:\/\/www.worwani.eu\/wp-content\/uploads\/2013\/11\/clanek_sazava_01.jpg\"><img loading=\"lazy\" decoding=\"async\" class=\"size-full wp-image-706 alignleft\" alt=\"clanek_sazava_01\" src=\"http:\/\/www.worwani.eu\/wp-content\/uploads\/2013\/11\/clanek_sazava_01.jpg\" width=\"210\" height=\"139\" srcset=\"https:\/\/www.worwani.eu\/wp-content\/uploads\/2013\/11\/clanek_sazava_01.jpg 210w, https:\/\/www.worwani.eu\/wp-content\/uploads\/2013\/11\/clanek_sazava_01-150x99.jpg 150w, https:\/\/www.worwani.eu\/wp-content\/uploads\/2013\/11\/clanek_sazava_01-120x80.jpg 120w\" sizes=\"auto, (max-width: 210px) 100vw, 210px\" \/><\/a> \u00a0Je 4. ledna ve\u010der, j\u00e1 sed\u00edm u okna, d\u00edv\u00e1m se, jak ulic\u00ed poletuje sn\u00edh a p\u0159em\u00fd\u0161l\u00edm, \u017ee z\u00edtra nebo poz\u00edt\u0159\u00ed vyt\u00e1hnu b\u011b\u017eky. No \u2013 asi se nedalo \u010dekat, \u017ee budeme zase jezdit celou zimu na vodu tak jako vloni. Tak n\u00e1m nejsp\u00ed\u0161 zb\u00fdv\u00e1 t\u011b\u0161it se jednou za \u010dtrn\u00e1ct dn\u00ed na hodinku eskymov\u00e1n\u00ed v baz\u00e9nu a na jaro, kdy pro n\u00e1s Bezi chyst\u00e1 b\u011bsy jako Kamenici, Jizeru, Labe a dal\u0161\u00ed hr\u016fzy&#8230;<\/p>\n<p>Co m\u011b ale p\u0159im\u011blo sednout k po\u010d\u00edta\u010di  \u2026 <a href=\"https:\/\/www.worwani.eu\/?page_id=704\">pro pokra\u010dov\u00e1n\u00ed ve \u010dten\u00ed klikn\u011bte tady&#8230; <span class=\"meta-nav\">&rarr; <\/span><\/a><\/p>\n","protected":false},"author":2,"featured_media":0,"parent":483,"menu_order":0,"comment_status":"open","ping_status":"open","template":"","meta":{"_bbp_topic_count":0,"_bbp_reply_count":0,"_bbp_total_topic_count":0,"_bbp_total_reply_count":0,"_bbp_voice_count":0,"_bbp_anonymous_reply_count":0,"_bbp_topic_count_hidden":0,"_bbp_reply_count_hidden":0,"_bbp_forum_subforum_count":0,"footnotes":""},"class_list":["post-704","page","type-page","status-publish","hentry"],"_links":{"self":[{"href":"https:\/\/www.worwani.eu\/index.php?rest_route=\/wp\/v2\/pages\/704","targetHints":{"allow":["GET"]}}],"collection":[{"href":"https:\/\/www.worwani.eu\/index.php?rest_route=\/wp\/v2\/pages"}],"about":[{"href":"https:\/\/www.worwani.eu\/index.php?rest_route=\/wp\/v2\/types\/page"}],"author":[{"embeddable":true,"href":"https:\/\/www.worwani.eu\/index.php?rest_route=\/wp\/v2\/users\/2"}],"replies":[{"embeddable":true,"href":"https:\/\/www.worwani.eu\/index.php?rest_route=%2Fwp%2Fv2%2Fcomments&post=704"}],"version-history":[{"count":3,"href":"https:\/\/www.worwani.eu\/index.php?rest_route=\/wp\/v2\/pages\/704\/revisions"}],"predecessor-version":[{"id":709,"href":"https:\/\/www.worwani.eu\/index.php?rest_route=\/wp\/v2\/pages\/704\/revisions\/709"}],"up":[{"embeddable":true,"href":"https:\/\/www.worwani.eu\/index.php?rest_route=\/wp\/v2\/pages\/483"}],"wp:attachment":[{"href":"https:\/\/www.worwani.eu\/index.php?rest_route=%2Fwp%2Fv2%2Fmedia&parent=704"}],"curies":[{"name":"wp","href":"https:\/\/api.w.org\/{rel}","templated":true}]}}