{"id":644,"date":"2013-11-15T19:21:56","date_gmt":"2013-11-15T18:21:56","guid":{"rendered":"http:\/\/www.worwani.eu\/?page_id=644"},"modified":"2013-11-15T19:25:27","modified_gmt":"2013-11-15T18:25:27","slug":"jarni-rakousko-a-nemecko","status":"publish","type":"page","link":"https:\/\/www.worwani.eu\/?page_id=644","title":{"rendered":"Jarn\u00ed Rakousko a N\u011bmecko"},"content":{"rendered":"<div><\/div>\n<p><img loading=\"lazy\" decoding=\"async\" class=\"size-full wp-image-646 alignleft\" style=\"font-size: 12px; line-height: 18px;\" alt=\"clanek_rakousko_1\" src=\"http:\/\/www.worwani.eu\/wp-content\/uploads\/2013\/11\/clanek_rakousko_1.jpg\" width=\"300\" height=\"200\" srcset=\"https:\/\/www.worwani.eu\/wp-content\/uploads\/2013\/11\/clanek_rakousko_1.jpg 300w, https:\/\/www.worwani.eu\/wp-content\/uploads\/2013\/11\/clanek_rakousko_1-225x150.jpg 225w, https:\/\/www.worwani.eu\/wp-content\/uploads\/2013\/11\/clanek_rakousko_1-150x100.jpg 150w, https:\/\/www.worwani.eu\/wp-content\/uploads\/2013\/11\/clanek_rakousko_1-120x80.jpg 120w\" sizes=\"auto, (max-width: 300px) 100vw, 300px\" \/>Tak jsem se kone\u010dn\u011b dostal k seps\u00e1n\u00ed \u010dl\u00e1nku z poveden\u00e9ho vod\u00e1ck\u00e9ho v\u00edkendu Rakousko \u2013 N\u011bmecko 2008. T\u00fdden mi trvalo, ne\u017e jsem se k tomu odhodlal \u2013 musel jsem nejprve vyst\u0159\u00edzliv\u011bt, abych v\u00e1m mohl podat informace pravdiv\u00e9 a d\u00e9monem alkoholem nezkreslen\u00e9&#8230;<\/p>\n<p>Bylo to snad poprv\u00e9, kdy WorWan\u00ed nemuseli \u0159e\u0161it auta \u2013 probl\u00e9mu dopravy se ujala jedna nejmenovan\u00e1, ale renomovan\u00e1 cestovn\u00ed agentura, kter\u00e1 se uvolila poskytnout n\u00e1m oba sv\u00e9 bus\u00edky. Proto jsme se b\u011bhem cesty mohli cele oddat sv\u00fdm v\u00e1\u0161n\u00edm. Vozy a pos\u00e1dky: Honz\u016fv \u010dtrn\u00e1ct dn\u00ed star\u00fd multivan (Honz\u00edk, Ani\u010dka, Ad\u00e1mek, Bezi, Pepin, Mon\u010da a j\u00e1), Danyho b\u00edl\u00e9 \u017eihadlo (Dany, Karlos, B\u00e1ba, Pafka, Slunce, Iris, Miras a \u010cobolka).<\/p>\n<p>Nebudu unavovat podrobnostma n\u00e1kupu a odjezdu \u2013 sta\u010d\u00ed, kdy\u017e \u0159eknu: pivo, pivo, v\u00edno, pivo, v\u00edno, v\u00edno, pivo atd. Podle toho vypadala i cesta samotn\u00e1 \u2013 pivn\u00ed auto pot\u0159ebovalo stav\u011bt na ka\u017ed\u00e9 mezi, u n\u00e1s ve vinn\u00e9m skl\u00edpku se zas zap\u00edjel ka\u017ed\u00fd potok, kter\u00fd jsme cestou vid\u011bli (jeden jsme omylem zapili asi \u0161estkr\u00e1t&#8230;). V Palfau jsme jako obvykle vypadli z auta do tr\u00e1vy, n\u011bkte\u0159\u00ed usnuli hned, n\u011bkte\u0159\u00ed je\u0161t\u011b pa\u0159ili, ale to si nepamatuju. \u00dadajn\u011b pa\u0159ili asi metr ode m\u011b, ale litr a p\u016fl v\u00edna a \u0161punty do u\u0161\u00ed nep\u0159ipou\u0161t\u011bly kompromisy \ud83d\ude42<\/p>\n<p><img loading=\"lazy\" decoding=\"async\" class=\"size-medium wp-image-647 alignleft\" style=\"font-size: 12px; line-height: 18px;\" alt=\"clanek_rakousko_2\" src=\"http:\/\/www.worwani.eu\/wp-content\/uploads\/2013\/11\/clanek_rakousko_2.jpg\" width=\"200\" height=\"300\" srcset=\"https:\/\/www.worwani.eu\/wp-content\/uploads\/2013\/11\/clanek_rakousko_2.jpg 200w, https:\/\/www.worwani.eu\/wp-content\/uploads\/2013\/11\/clanek_rakousko_2-100x150.jpg 100w\" sizes=\"auto, (max-width: 200px) 100vw, 200px\" \/>R\u00e1no bylo vcelku zima. Vstali jsme brzo \u2013 \u010dekal n\u00e1s n\u00e1ro\u010dnej den. Prvn\u00ed na programu byl Hinterwildalpenbach alias \u201ePochcan\u00fd schody\u201c. Sedmdes\u00e1t skok\u016f od 20 centimetr\u016f do 3,5 metru vzd\u00e1len\u00fdch od sebe tak 5 metr\u016f. V p\u0159edstav\u011b, co ud\u011bl\u00e1 t\u011bch sedmdes\u00e1t pl\u00e1cnut\u00ed o hladinu s moj\u00ed lehounce rozbolav\u011blou hlavou, mne za\u010daly obest\u00edrat chmury. Kamar\u00e1di na\u0161t\u011bst\u00ed taky necht\u011bli jet a\u017e odshora. Vymysleli ale, \u017ee nasednem nad t\u00edm nejv\u011bt\u0161\u00edm skokem. J\u00e1 s B\u00e1bou, Iris a Ani\u010dkou jsme si snesli lod\u011b je\u0161t\u011b o kousek n\u00ed\u017e a Slunce a\u00a0gum\u00e1ci se rozhodli, \u017ee nepojedou v\u016fbec. A pak za\u010dalo hops\u00e1n\u00ed. Skok &#8211; dva \u2013 t\u0159i z\u00e1b\u011bry \u2013 dal\u0161\u00ed skok \u2013 a furt dokola. N\u011bjak to nem\u011blo konec. Norm\u00e1ln\u011b mi fakt za\u010dal doch\u00e1zet dech. Kdy\u017e jsem dojel k \u00fast\u00ed do Salzy a spat\u0159il tam skupinku brun\u00e1tn\u00fdch ksicht\u016f lapaj\u00edc\u00edch po vzduchu, pochopil jsem, \u017ee moje pl\u00edce jsou v po\u0159\u00e1dku. Neudejchal to nikdo. Krysi\u010dky se urodily dv\u011b \u2013 Pafka a pan X.<\/p>\n<p>D\u00e1l jsme pokra\u010dovali po Salze. Ten prvn\u00ed v\u00e1lec pod n\u00e1stupn\u00edm m\u00edstem se mi zd\u00e1l v\u017edycky velkej, ale to, co tam bylo te\u010f, m\u011b fakt p\u0159ekvapilo. Ta bestie m\u011b vyhodila do vzduchu a kajak i s m\u00fdma vlastn\u00edma nohama mi oml\u00e1tila o hlavu . Tak\u017ee hned prvn\u00ed eskym\u00e1\u010dek&#8230; Pafka p\u0159edvedl podobnej tyj\u00e1tr, ale katapultoval se. Jinak byla Salza jako v\u017edycky hodn\u00e1, mil\u00e1 a kone\u010dn\u011b m\u011bla i trochu t\u00e9 vody ( 2 metry ). \u0160koda jen, \u017ee v sout\u011bsce pr\u0161elo&#8230;<\/p>\n<p><img loading=\"lazy\" decoding=\"async\" class=\"size-medium wp-image-648 alignright\" style=\"font-size: 12px; line-height: 18px;\" alt=\"clanek_rakousko_3\" src=\"http:\/\/www.worwani.eu\/wp-content\/uploads\/2013\/11\/clanek_rakousko_3.jpg\" width=\"300\" height=\"200\" srcset=\"https:\/\/www.worwani.eu\/wp-content\/uploads\/2013\/11\/clanek_rakousko_3.jpg 300w, https:\/\/www.worwani.eu\/wp-content\/uploads\/2013\/11\/clanek_rakousko_3-225x150.jpg 225w, https:\/\/www.worwani.eu\/wp-content\/uploads\/2013\/11\/clanek_rakousko_3-150x100.jpg 150w, https:\/\/www.worwani.eu\/wp-content\/uploads\/2013\/11\/clanek_rakousko_3-120x80.jpg 120w\" sizes=\"auto, (max-width: 300px) 100vw, 300px\" \/>V kempu n\u00e1s \u010dekal Pepin, Danyho transport\u00e9r \u2013 a pod n\u00edm lou\u017ee nafty. \u010cobolka s\u00e1hl zku\u0161en\u00fdm hmatem pod motor a pravil, \u017ee se to ned\u00e1 opravit. Rozhodli jsme se, \u017ee cel\u00e1 pos\u00e1dka transport\u00e9ra pojede zp\u00e1tky do \u010cech, jejich batohy a voz\u00edk s lo\u010fma nalo\u017e\u00edme my, kluci v Brod\u011b vezmou \u010cobolkovo a Mirasovo auto a sejdeme se na Innu. V\u00fdbornej n\u00e1pad, ale trochu jsme nedomysleli, \u017ee nejedou z okresu do okresu, ale z Rakouska do \u010cech a pak znova do Rakouska, ale na opa\u010dnej konec. My jsme si cestou taky u\u017eili svoje \u2013 Honzovo 14 dn\u00ed star\u00e9 auto se p\u0159es Alpy pl\u00ed\u017eilo na dvojku a po d\u00e1lnici valilo n\u011bkdy i d\u011bsivou devades\u00e1tkou. J\u00e1 se po p\u0159edchoz\u00ed bou\u0159liv\u00e9 noci nec\u00edtil zrovna fit, tak jsem si vlezl k Honzovi dop\u0159edu a chv\u00edlemi trochu posp\u00e1val. V p\u0159est\u00e1vk\u00e1ch mezi sp\u00e1nkem jsem pozoroval, jak se vzadu sed\u00edc\u00ed a rozumuj\u00edc\u00ed pan Bezi pomalu, ale jist\u011b p\u0159em\u011b\u0148uje na pana Blekotu. Kdy\u017e pan Blekota um\u0159el v p\u016fli v\u011bty a byl kone\u010dn\u011b chv\u00edli klid, p\u0159ij\u00ed\u017ed\u011bli jsme u\u017e \u00fadol\u00edm Innu do Haimingu.<\/p>\n<p>To, co zkusili kluci, si asi nedovedem nikdo ani p\u0159edstavit. Do Haimingu dorazili v p\u016fl \u0161est\u00e9 r\u00e1no po dvan\u00e1cti hodin\u00e1ch j\u00edzdy, na Danyho se d\u00edvali s hr\u016fzou v o\u010d\u00edch a zap\u0159\u00edsahali se, do auta, kter\u00e9 bude \u0159\u00eddit, u\u017e nikdy nesednou. Mleli cosi o tom, \u017ee se cestou n\u011bkolikr\u00e1t\u00a0vznesli, p\u0159edjeli Porsche a podobn\u00e9 bl\u00e1boly. Asi chlastali&#8230;<\/p>\n<p>Nechali jsme kluky odpo\u010dinout a k poledn\u00edmu vyrazili na Inn. Na programu byl \u00fasek zvan\u00fd Imsterschlucht, obt\u00ed\u017enost \u00fadajn\u011b WW 2 \u2013 3. Je fakt, \u017ee voda nebyla technicky t\u011b\u017ek\u00e1, ale vlny jak bar\u00e1ky \u010dlov\u011bk v \u010cech\u00e1ch vid\u00ed akor\u00e1t tak za povodn\u00ed. Fakt p\u011bkn\u00fd svezen\u00ed, v\u00edc vody bych snad u\u017e ani nemusel. Krysi\u010dky se urodily, co pamatuju, dv\u011b \u2013 Honza a Ani\u010dka. \u010c\u00e1st z n\u00e1s byla je\u0161t\u011b pro jet o stupe\u0148 t\u011b\u017e\u0161\u00ed horn\u00ed \u00fasek, ale proto\u017ee n\u00e1stupn\u00ed m\u00edsto, jak jsme zjistili, bylo 60 kilometr\u016f daleko, vzdali jsme to a vyrazili do N\u011bmecka na Loisach.<\/p>\n<p><img loading=\"lazy\" decoding=\"async\" class=\"size-medium wp-image-649 alignleft\" style=\"font-size: 12px; line-height: 18px;\" alt=\"clanek_rakousko_4\" src=\"http:\/\/www.worwani.eu\/wp-content\/uploads\/2013\/11\/clanek_rakousko_4.jpg\" width=\"300\" height=\"225\" srcset=\"https:\/\/www.worwani.eu\/wp-content\/uploads\/2013\/11\/clanek_rakousko_4.jpg 300w, https:\/\/www.worwani.eu\/wp-content\/uploads\/2013\/11\/clanek_rakousko_4-200x150.jpg 200w, https:\/\/www.worwani.eu\/wp-content\/uploads\/2013\/11\/clanek_rakousko_4-150x112.jpg 150w, https:\/\/www.worwani.eu\/wp-content\/uploads\/2013\/11\/clanek_rakousko_4-160x120.jpg 160w\" sizes=\"auto, (max-width: 300px) 100vw, 300px\" \/>Cesta byla pom\u011brn\u011b kr\u00e1tk\u00e1, ale, jak u\u017e je na\u0161\u00edm zvykem, o to v\u00edc vedla do kopce. Romantick\u00e9 v\u00fdhledy si p\u0159\u00edmo vy\u017eadovaly zapit\u00ed. Honz\u00edka z na\u0161eho oslavov\u00e1n\u00ed divukr\u00e1sn\u00e9 alpsk\u00e9 p\u0159\u00edrody trochu chytl nerv a tak, kdy\u017e jsme vjeli do kempu na Loisachu, za\u010dal s multivanem zb\u011bsile rajtovat mezi stany a p\u0159\u00edv\u011bsy, a\u017e to z budliny u vjezdu vyhnalo d\u011bdka, kterej se, vztekle chrl\u00edc skop\u010d\u00e1ck\u00e9 nad\u00e1vky, s brun\u00e1tnou tv\u00e1\u0159\u00ed hrnul k n\u00e1m. Honza mu trochu ujel, co\u017e ho rozdr\u00e1\u017edilo je\u0161t\u011b v\u00edc. Lapil \u010cobolku a Mirase, a zahrnul je spr\u0161kou germ\u00e1nsk\u00fdch spros\u0165\u00e1ren. Ani\u010dka se vydala d\u011bdka trochu uklidnit, ale z\u0159ejm\u011b ji n\u011bjak urazil, nebo co, proto\u017ee byla hned zp\u00e1tky a s bledou tv\u00e1\u0159\u00ed pravila: \u201eJedem pry\u010d!\u201c To u\u017e si to d\u011bdek hasil k n\u00e1m a hrozil a \u0159val. Adam mu je\u0161t\u011b zkou\u0161el cosi \u0159\u00edct, ale pak m\u00e1vl rukou a za p\u0159\u00edvalu n\u011bmeck\u00fdch slov, mezi nimi\u017e jsem jasn\u011b rozum\u011bl akor\u00e1t: \u201eRaus! Raus!\u201c, jsme s p\u0159\u00edsahou stra\u0161liv\u00e9 pomsty kvapn\u011b vyklidili pole.<\/p>\n<p>Ut\u00e1bo\u0159ili jsme se na pra\u0161n\u00e9m pl\u00e1cku v lese u silnice, najedli se, p\u0159it\u00e1hli z lesa n\u011bco d\u0159eva, ud\u011blali ohe\u0148, vyt\u00e1hli posledn\u00ed z\u00e1soby alkoholu a bylo n\u00e1m taky dob\u0159e&#8230;<\/p>\n<p><img loading=\"lazy\" decoding=\"async\" class=\"size-medium wp-image-650 alignright\" style=\"font-size: 12px; line-height: 18px;\" alt=\"clanek_rakousko_5\" src=\"http:\/\/www.worwani.eu\/wp-content\/uploads\/2013\/11\/clanek_rakousko_5.jpg\" width=\"200\" height=\"300\" srcset=\"https:\/\/www.worwani.eu\/wp-content\/uploads\/2013\/11\/clanek_rakousko_5.jpg 200w, https:\/\/www.worwani.eu\/wp-content\/uploads\/2013\/11\/clanek_rakousko_5-100x150.jpg 100w\" sizes=\"auto, (max-width: 200px) 100vw, 200px\" \/>R\u00e1no n\u00e1m za\u010dalo st\u00e1vkovat Honz\u00edkovo auto. Tv\u00e1\u0159ilo se, \u017ee \u010dty\u0159i v\u00e1lce jsou zbyte\u010dn\u011b moc a sna\u017eilo se n\u00e1s p\u0159esv\u011bd\u010dit, \u017ee mu k provozu sta\u010d\u00ed jen dva. Za stra\u0161n\u00e9ho krav\u00e1lu, d\u00fdmu a smradu, mu nakonec \u010cobolka zapla\u0165p\u00e1mbu vysv\u011btlil, \u017ee se spletlo. Nalo\u017eili jsme v\u011bci a vyrazili nahoru na \u0159eku. Cestou jsme zkoumali, kde bude nejlep\u0161\u00ed nasednout. Jeli jsme po\u0159\u00e1d nahoru, potok se zu\u017eoval, nab\u00edral na sp\u00e1du a v\u0161ude z toho tr\u010dely\u00a0\u0161utry. To p\u0159im\u011blo gum\u00e1ky k rozhodnut\u00ed, \u017ee se k n\u00e1m p\u0159ipoj\u00ed a\u017e dole na posledn\u00ed \u00fasek \u2013 Griesenschlucht. My nask\u00e1kali do lod\u00ed a v ust\u00e1len\u00fdch parti\u010dk\u00e1ch \u2013 Bezi, Slunce, Mon\u010da, j\u00e1 \u2013 Honza, Dany, Ani\u010dka, Iris \u2013 Adam, Karlos, Pafka, B\u00e1ba, vyrazili dol\u016f. Docela hukot. Velkej sp\u00e1d, kli\u010dkovan\u00e1, m\u00edsty zablokovan\u00fd \u00fazk\u00fd koryto, zkr\u00e1tka \u2013 krys\u00ed \u017en\u011b mohly za\u010d\u00edt. Z na\u0161\u00ed party prvn\u00ed krysu ulovila Mon\u010da, kter\u00e1 z\u016fstala tr\u010det hlavou dol\u016f mezi \u0161utrama tak, \u017ee jsem ji musel lod\u00ed vy\u0161\u0165ouchnout.\u00a0<img loading=\"lazy\" decoding=\"async\" class=\"size-medium wp-image-651 alignleft\" style=\"font-size: 12px; line-height: 18px;\" alt=\"clanek_rakousko_6\" src=\"http:\/\/www.worwani.eu\/wp-content\/uploads\/2013\/11\/clanek_rakousko_6.jpg\" width=\"300\" height=\"224\" srcset=\"https:\/\/www.worwani.eu\/wp-content\/uploads\/2013\/11\/clanek_rakousko_6.jpg 300w, https:\/\/www.worwani.eu\/wp-content\/uploads\/2013\/11\/clanek_rakousko_6-200x150.jpg 200w, https:\/\/www.worwani.eu\/wp-content\/uploads\/2013\/11\/clanek_rakousko_6-150x112.jpg 150w, https:\/\/www.worwani.eu\/wp-content\/uploads\/2013\/11\/clanek_rakousko_6-160x120.jpg 160w\" sizes=\"auto, (max-width: 300px) 100vw, 300px\" \/>Kdy\u017e se d\u00e1vala do kupy, profr\u010dela kolem Honz\u00edkova skupinka a valila d\u00e1l. Po Adamovi a kluk\u00e1ch jakoby se slehla zem. \u010cekali jsme a pak rad\u0161i vzali h\u00e1ze\u010dky a vyrazili proti proudu. Kilometr nahoru nebylo nikoho vid\u011bt, tak\u017ee jsme u\u017e fakt za\u010d\u00ednali m\u00edt strach. A\u017e snad po \u010dtvrt hodin\u011b jsme uvid\u011bli Adama. Karlos hned naho\u0159e dvakr\u00e1t zaplaval a m\u011bl toho pr\u00e1v\u011b tak dost. Tvrdil, \u017ee kdyby podruh\u00fd nevylezl na opa\u010dn\u00fdm b\u0159ehu, ne\u017e byla silnice, u\u017e by do lodi nevlezl. D\u00e1l jsme jeli v\u00edcem\u00e9n\u011b\u00a0pohromad\u011b, a\u017e jsme dohnali u jezu \u010dekaj\u00edc\u00edho Honzu. \u0158eka te\u010f m\u011bla snad trochu men\u0161\u00ed sp\u00e1d, ale bylo v n\u00ed hodn\u011b v\u011btv\u00ed, strom\u016f a daleko v\u00edc se to\u010dila. Do zat\u00e1\u010dek samoz\u0159ejm\u011b nebylo v\u016fbec vid\u011bt. Do jedn\u00fd fakt poda\u0159en\u00fd pe\u0159ejky Mon\u010da naplavala hlavou dol\u016f a p\u011bkn\u011b si napr\u00e1skala o \u0161utry. Pak n\u00e1sledovalo jedno neuv\u011b\u0159iteln\u00fd m\u00edsto, kde asi p\u016flka v\u00fdpravy zaplavala. Co si tak vzpom\u00edn\u00e1m, byli to: Karlos, B\u00e1ba, Pafka, Ani\u010dka, Iris\u00a0(ta se pr\u00e1skla p\u0159i vystupov\u00e1n\u00ed), j\u00e1 zdvihl a dojel ke b\u0159ehu bez \u0161prajdy. Jedinej, kdo ani neplaval, ani nezdvihal, byl snad Slunce a Adam. Odlovili jsme plavce a jeli d\u00e1l. \u0158eka byla te\u010f leh\u010d\u00ed, ale chv\u00edlema tekla lesem, tak\u017ee \u010dlov\u011bk kli\u010dkoval mezi stromy a oz\u00fdvaly se v\u00fdk\u0159iky typu: \u201eBacha, za tamt\u00edm pa\u0159ezem je v\u00e1lec!\u201c a podobn\u011b. P\u0159en\u00e1\u0161eli jsme spoustu strom\u016f a m\u011bl\u010din a u\u017e to bylo fakt docela \u00fanavn\u00fd. Pak se charakter \u0159eky zm\u011bnil je\u0161t\u011b jednou \u2013 najednou docela hloubka, okolo spousty \u0161t\u011brku a koryto se najednou moc neklikatilo. Takhle jsme dojeli a\u017e k n\u00e1stupu do Griesenschluchtu, kde \u010dekali u\u017e n\u011bkolik hodin v neopr\u00e9nu Miras a \u010cobolka. M\u011bli nesm\u00edrnou radost, kdy\u017e jsme zni\u010den\u011b vylezli z lod\u00ed a \u0159ekli, \u017ee u\u017e d\u00e1l nejedem&#8230;<\/p>\n<p>Pak jsme nav\u00e1zali lod\u011b, nask\u00e1kali do aut a vyrazili, ka\u017ed\u00e1 pos\u00e1dka sama za sebe, dom\u016f do \u010cech.<\/p>\n<p><b>Z\u00e1v\u011bre\u010dn\u00e1 krys\u00ed bilance, tak jak to spo\u010d\u00edtala Ani\u010dka:<\/b><img loading=\"lazy\" decoding=\"async\" class=\"size-medium wp-image-652 alignright\" style=\"font-size: 12px; line-height: 18px;\" alt=\"clanek_rakousko_7\" src=\"http:\/\/www.worwani.eu\/wp-content\/uploads\/2013\/11\/clanek_rakousko_7.jpg\" width=\"300\" height=\"165\" srcset=\"https:\/\/www.worwani.eu\/wp-content\/uploads\/2013\/11\/clanek_rakousko_7.jpg 300w, https:\/\/www.worwani.eu\/wp-content\/uploads\/2013\/11\/clanek_rakousko_7-250x137.jpg 250w, https:\/\/www.worwani.eu\/wp-content\/uploads\/2013\/11\/clanek_rakousko_7-150x82.jpg 150w\" sizes=\"auto, (max-width: 300px) 100vw, 300px\" \/><\/p>\n<p>Honza: 1<br \/>\nAni\u010dka: 3<br \/>\nDanny: 0<br \/>\nBezi: 0<br \/>\nIris: 1<br \/>\nMon\u010da: 2<br \/>\nAdam: 0<br \/>\nB\u00e1ba: 1<br \/>\nKarlos: 4<br \/>\nD\u00e1\u0148a: 0<br \/>\nSlunce: 0<br \/>\nPafka: 3<\/p>\n<p><b>&#8230;tedy celkem patn\u00e1ct !!!<\/b><\/p>\n","protected":false},"excerpt":{"rendered":"<p><img loading=\"lazy\" decoding=\"async\" class=\"size-full wp-image-646 alignleft\" style=\"font-size: 12px; line-height: 18px;\" alt=\"clanek_rakousko_1\" src=\"http:\/\/www.worwani.eu\/wp-content\/uploads\/2013\/11\/clanek_rakousko_1.jpg\" width=\"300\" height=\"200\" srcset=\"https:\/\/www.worwani.eu\/wp-content\/uploads\/2013\/11\/clanek_rakousko_1.jpg 300w, https:\/\/www.worwani.eu\/wp-content\/uploads\/2013\/11\/clanek_rakousko_1-225x150.jpg 225w, https:\/\/www.worwani.eu\/wp-content\/uploads\/2013\/11\/clanek_rakousko_1-150x100.jpg 150w, https:\/\/www.worwani.eu\/wp-content\/uploads\/2013\/11\/clanek_rakousko_1-120x80.jpg 120w\" sizes=\"auto, (max-width: 300px) 100vw, 300px\" \/>Tak jsem se kone\u010dn\u011b dostal k seps\u00e1n\u00ed \u010dl\u00e1nku z poveden\u00e9ho vod\u00e1ck\u00e9ho v\u00edkendu Rakousko \u2013 N\u011bmecko 2008. T\u00fdden mi trvalo, ne\u017e jsem se k tomu odhodlal \u2013 musel jsem nejprve vyst\u0159\u00edzliv\u011bt, abych v\u00e1m mohl podat informace pravdiv\u00e9 a d\u00e9monem alkoholem nezkreslen\u00e9&#8230;<\/p>\n<p>Bylo to snad poprv\u00e9, kdy WorWan\u00ed nemuseli \u0159e\u0161it auta \u2013 probl\u00e9mu dopravy se ujala jedna nejmenovan\u00e1, ale renomovan\u00e1 cestovn\u00ed agentura, kter\u00e1 se uvolila poskytnout n\u00e1m oba sv\u00e9 bus\u00edky. Proto jsme se b\u011bhem cesty  \u2026 <a href=\"https:\/\/www.worwani.eu\/?page_id=644\">pro pokra\u010dov\u00e1n\u00ed ve \u010dten\u00ed klikn\u011bte tady&#8230; <span class=\"meta-nav\">&rarr; <\/span><\/a><\/p>\n","protected":false},"author":2,"featured_media":0,"parent":483,"menu_order":0,"comment_status":"open","ping_status":"open","template":"","meta":{"_bbp_topic_count":0,"_bbp_reply_count":0,"_bbp_total_topic_count":0,"_bbp_total_reply_count":0,"_bbp_voice_count":0,"_bbp_anonymous_reply_count":0,"_bbp_topic_count_hidden":0,"_bbp_reply_count_hidden":0,"_bbp_forum_subforum_count":0,"footnotes":""},"class_list":["post-644","page","type-page","status-publish","hentry"],"_links":{"self":[{"href":"https:\/\/www.worwani.eu\/index.php?rest_route=\/wp\/v2\/pages\/644","targetHints":{"allow":["GET"]}}],"collection":[{"href":"https:\/\/www.worwani.eu\/index.php?rest_route=\/wp\/v2\/pages"}],"about":[{"href":"https:\/\/www.worwani.eu\/index.php?rest_route=\/wp\/v2\/types\/page"}],"author":[{"embeddable":true,"href":"https:\/\/www.worwani.eu\/index.php?rest_route=\/wp\/v2\/users\/2"}],"replies":[{"embeddable":true,"href":"https:\/\/www.worwani.eu\/index.php?rest_route=%2Fwp%2Fv2%2Fcomments&post=644"}],"version-history":[{"count":3,"href":"https:\/\/www.worwani.eu\/index.php?rest_route=\/wp\/v2\/pages\/644\/revisions"}],"predecessor-version":[{"id":653,"href":"https:\/\/www.worwani.eu\/index.php?rest_route=\/wp\/v2\/pages\/644\/revisions\/653"}],"up":[{"embeddable":true,"href":"https:\/\/www.worwani.eu\/index.php?rest_route=\/wp\/v2\/pages\/483"}],"wp:attachment":[{"href":"https:\/\/www.worwani.eu\/index.php?rest_route=%2Fwp%2Fv2%2Fmedia&parent=644"}],"curies":[{"name":"wp","href":"https:\/\/api.w.org\/{rel}","templated":true}]}}