{"id":554,"date":"2013-11-15T12:14:50","date_gmt":"2013-11-15T11:14:50","guid":{"rendered":"http:\/\/www.worwani.eu\/?page_id=554"},"modified":"2013-11-17T18:48:05","modified_gmt":"2013-11-17T17:48:05","slug":"pepin","status":"publish","type":"page","link":"https:\/\/www.worwani.eu\/?page_id=554","title":{"rendered":"Pepin"},"content":{"rendered":"<p><strong><a href=\"http:\/\/www.worwani.eu\/wp-content\/uploads\/2013\/11\/Pepin1.jpg\"><img loading=\"lazy\" decoding=\"async\" class=\"size-medium wp-image-1070 alignright\" alt=\"OLYMPUS DIGITAL CAMERA\" src=\"http:\/\/www.worwani.eu\/wp-content\/uploads\/2013\/11\/Pepin1-300x192.jpg\" width=\"300\" height=\"192\" srcset=\"https:\/\/www.worwani.eu\/wp-content\/uploads\/2013\/11\/Pepin1-300x192.jpg 300w, https:\/\/www.worwani.eu\/wp-content\/uploads\/2013\/11\/Pepin1-234x150.jpg 234w, https:\/\/www.worwani.eu\/wp-content\/uploads\/2013\/11\/Pepin1-150x96.jpg 150w, https:\/\/www.worwani.eu\/wp-content\/uploads\/2013\/11\/Pepin1.jpg 800w\" sizes=\"auto, (max-width: 300px) 100vw, 300px\" \/><\/a>P\u0159ezd\u00edvka:<\/strong>\u00a0\u00a0Pepin<br \/>\n<strong>Jm\u00e9no:<\/strong>\u00a0Petr<br \/>\n<strong>P\u0159\u00edjmen\u00ed:<\/strong>\u00a0Sysel<br \/>\n<strong>Stav:<\/strong>\u00a0Svobodn\u00fd<br \/>\n<strong>Rok narozen\u00ed:<\/strong>\u00a01985<br \/>\n<strong>Bydli\u0161t\u011b:<\/strong>\u00a0Velk\u00e1 B\u00edte\u0161<\/p>\n<p><strong>Mail:<\/strong>\u00a0pepin@worwani.cz<br \/>\n<strong>ICQ:<\/strong>\u00a0291 944 951<\/p>\n<p><strong>Z\u00e1jmy:<\/strong>\u00a0voda, lezen\u00ed, kolo a fl\u00e1k\u00e1n\u00ed<br \/>\n<strong>Obl\u00edben\u00e9 pit\u00ed:<\/strong>\u00a0oves, zelen\u00e1 a kofola<br \/>\n<strong>Obl\u00edben\u00e9 j\u00eddlo:<\/strong>\u00a0\u00a0sma\u017eenej s\u00fdr a v\u0161e co ud\u011bl\u00e1 Sl\u016f\u0148a<\/p>\n<p><strong>Motto \/ Obl\u00edben\u00e1 fr\u00e1ze:<\/strong>\u00a0co m\u016f\u017ee\u0161 odlo\u017eit na z\u00edtra odlo\u017e na poz\u00edt\u0159\u00ed<br \/>\n<strong>Pro\u010d jsem u\u017eite\u010dn\u00fd:<\/strong>\u00a0r\u00e1d \u0159\u00edd\u00edm a um\u00edm nahradit nefunk\u010dn\u00ed r\u00e1dio<\/p>\n<p><strong>Lo\u010f:<\/strong>\u00a0Lettmann Thunderbird<br \/>\n<strong>Obl\u00edben\u00e1 \u0159eka:<\/strong>\u00a0Salza (je prost\u011b n\u00e1dhern\u00e1)<\/p>\n","protected":false},"excerpt":{"rendered":"<p><strong><a href=\"http:\/\/www.worwani.eu\/wp-content\/uploads\/2013\/11\/Pepin1.jpg\"><img loading=\"lazy\" decoding=\"async\" class=\"size-medium wp-image-1070 alignright\" alt=\"OLYMPUS DIGITAL CAMERA\" src=\"http:\/\/www.worwani.eu\/wp-content\/uploads\/2013\/11\/Pepin1-300x192.jpg\" width=\"300\" height=\"192\" srcset=\"https:\/\/www.worwani.eu\/wp-content\/uploads\/2013\/11\/Pepin1-300x192.jpg 300w, https:\/\/www.worwani.eu\/wp-content\/uploads\/2013\/11\/Pepin1-234x150.jpg 234w, https:\/\/www.worwani.eu\/wp-content\/uploads\/2013\/11\/Pepin1-150x96.jpg 150w, https:\/\/www.worwani.eu\/wp-content\/uploads\/2013\/11\/Pepin1.jpg 800w\" sizes=\"auto, (max-width: 300px) 100vw, 300px\" \/><\/a>P\u0159ezd\u00edvka:<\/strong>\u00a0\u00a0Pepin<br \/> <strong>Jm\u00e9no:<\/strong>\u00a0Petr<br \/> <strong>P\u0159\u00edjmen\u00ed:<\/strong>\u00a0Sysel<br \/> <strong>Stav:<\/strong>\u00a0Svobodn\u00fd<br \/> <strong>Rok narozen\u00ed:<\/strong>\u00a01985<br \/> <strong>Bydli\u0161t\u011b:<\/strong>\u00a0Velk\u00e1 B\u00edte\u0161<\/p>\n<p><strong>Mail:<\/strong>\u00a0pepin@worwani.cz<br \/> <strong>ICQ:<\/strong>\u00a0291 944 951<\/p>\n<p><strong>Z\u00e1jmy:<\/strong>\u00a0voda, lezen\u00ed, kolo a fl\u00e1k\u00e1n\u00ed<br \/> <strong>Obl\u00edben\u00e9 pit\u00ed:<\/strong>\u00a0oves, zelen\u00e1 a kofola<br \/> <strong>Obl\u00edben\u00e9 j\u00eddlo:<\/strong>\u00a0\u00a0sma\u017eenej s\u00fdr a v\u0161e co ud\u011bl\u00e1 Sl\u016f\u0148a<\/p>\n<p><strong>Motto \/ Obl\u00edben\u00e1 fr\u00e1ze:<\/strong>\u00a0co m\u016f\u017ee\u0161 odlo\u017eit na z\u00edtra odlo\u017e na poz\u00edt\u0159\u00ed<br \/> <strong>Pro\u010d jsem u\u017eite\u010dn\u00fd:<\/strong>\u00a0r\u00e1d \u0159\u00edd\u00edm a um\u00edm nahradit nefunk\u010dn\u00ed r\u00e1dio<\/p>\n<p><strong>Lo\u010f:<\/strong>\u00a0Lettmann Thunderbird<br \/> <strong>Obl\u00edben\u00e1 \u0159eka:<\/strong>\u00a0Salza (je prost\u011b n\u00e1dhern\u00e1)<\/p>\n","protected":false},"author":2,"featured_media":0,"parent":19,"menu_order":0,"comment_status":"open","ping_status":"open","template":"","meta":{"_bbp_topic_count":0,"_bbp_reply_count":0,"_bbp_total_topic_count":0,"_bbp_total_reply_count":0,"_bbp_voice_count":0,"_bbp_anonymous_reply_count":0,"_bbp_topic_count_hidden":0,"_bbp_reply_count_hidden":0,"_bbp_forum_subforum_count":0,"footnotes":""},"class_list":["post-554","page","type-page","status-publish","hentry"],"_links":{"self":[{"href":"https:\/\/www.worwani.eu\/index.php?rest_route=\/wp\/v2\/pages\/554","targetHints":{"allow":["GET"]}}],"collection":[{"href":"https:\/\/www.worwani.eu\/index.php?rest_route=\/wp\/v2\/pages"}],"about":[{"href":"https:\/\/www.worwani.eu\/index.php?rest_route=\/wp\/v2\/types\/page"}],"author":[{"embeddable":true,"href":"https:\/\/www.worwani.eu\/index.php?rest_route=\/wp\/v2\/users\/2"}],"replies":[{"embeddable":true,"href":"https:\/\/www.worwani.eu\/index.php?rest_route=%2Fwp%2Fv2%2Fcomments&post=554"}],"version-history":[{"count":2,"href":"https:\/\/www.worwani.eu\/index.php?rest_route=\/wp\/v2\/pages\/554\/revisions"}],"predecessor-version":[{"id":1071,"href":"https:\/\/www.worwani.eu\/index.php?rest_route=\/wp\/v2\/pages\/554\/revisions\/1071"}],"up":[{"embeddable":true,"href":"https:\/\/www.worwani.eu\/index.php?rest_route=\/wp\/v2\/pages\/19"}],"wp:attachment":[{"href":"https:\/\/www.worwani.eu\/index.php?rest_route=%2Fwp%2Fv2%2Fmedia&parent=554"}],"curies":[{"name":"wp","href":"https:\/\/api.w.org\/{rel}","templated":true}]}}