{"id":551,"date":"2013-11-15T12:11:14","date_gmt":"2013-11-15T11:11:14","guid":{"rendered":"http:\/\/www.worwani.eu\/?page_id=551"},"modified":"2014-06-05T11:51:34","modified_gmt":"2014-06-05T09:51:34","slug":"mira","status":"publish","type":"page","link":"https:\/\/www.worwani.eu\/?page_id=551","title":{"rendered":"M\u00edra"},"content":{"rendered":"<p><a href=\"http:\/\/www.worwani.eu\/wp-content\/uploads\/2013\/11\/mira2.jpg\"><img loading=\"lazy\" decoding=\"async\" class=\"size-medium wp-image-720 alignright\" alt=\"mira2\" src=\"http:\/\/www.worwani.eu\/wp-content\/uploads\/2013\/11\/mira2-300x221.jpg\" width=\"300\" height=\"221\" srcset=\"https:\/\/www.worwani.eu\/wp-content\/uploads\/2013\/11\/mira2-300x221.jpg 300w, https:\/\/www.worwani.eu\/wp-content\/uploads\/2013\/11\/mira2-1024x755.jpg 1024w, https:\/\/www.worwani.eu\/wp-content\/uploads\/2013\/11\/mira2-203x150.jpg 203w, https:\/\/www.worwani.eu\/wp-content\/uploads\/2013\/11\/mira2-150x110.jpg 150w\" sizes=\"auto, (max-width: 300px) 100vw, 300px\" \/><\/a><\/p>\n<p>&nbsp;<\/p>\n<p><strong>P\u0159ezd\u00edvka:<\/strong> Pra\u017e\u00e1k<\/p>\n<p><strong>Jm\u00e9no a p\u0159\u00edjmen\u00ed:<\/strong> M\u00edra Krej\u010d\u00ed<\/p>\n<p><strong>Stav:<\/strong> svobodn\u00fd<\/p>\n<p><strong>Rok narozen\u00ed<\/strong>: 1980<\/p>\n<p><strong>Bydli\u0161t\u011b:<\/strong> Havl\u00ed\u010dk\u016fv Brod<\/p>\n<p><strong>Z\u00e1jmy:<\/strong> Auto, moto, hudba, kytara (a\u017e mne na ni D\u00e1\u0148a nau\u010d\u00ed hr\u00e1t)<\/p>\n<p><strong>Obl\u00edben\u00e9 pit\u00ed:<\/strong> v\u00edno, metaxa, rum<\/p>\n<p><strong>Obl\u00edben\u00e9 j\u00eddlo:<\/strong> jak\u00e9koliv polotovary prohnan\u00e9 m\u00fdmi d\u011bl\u00e1tory<\/p>\n<p><strong>Motto \/ Obl\u00edben\u00e1 fr\u00e1ze:<\/strong> Co T\u011b nezabije, T\u011b pos\u00edl\u00ed.<\/p>\n<p><strong>Pro\u010d jsem u\u017eite\u010dn\u00fd:<\/strong> N\u011bkdo tu krysu cel\u00fd rok krmit mus\u00ed<\/p>\n<p><strong>Lo\u010f:<\/strong> obr\u00e1t\u00edm dnem vzh\u016fru cokoliv, co mi kamar\u00e1di p\u016fj\u010d\u00ed<\/p>\n<p><strong>Obl\u00edben\u00e1 \u0159eka:<\/strong> Otava<\/p>\n<p><strong>\u00a0<\/strong><\/p>\n<p>&nbsp;<\/p>\n","protected":false},"excerpt":{"rendered":"<p><a href=\"http:\/\/www.worwani.eu\/wp-content\/uploads\/2013\/11\/mira2.jpg\"><img loading=\"lazy\" decoding=\"async\" class=\"size-medium wp-image-720 alignright\" alt=\"mira2\" src=\"http:\/\/www.worwani.eu\/wp-content\/uploads\/2013\/11\/mira2-300x221.jpg\" width=\"300\" height=\"221\" srcset=\"https:\/\/www.worwani.eu\/wp-content\/uploads\/2013\/11\/mira2-300x221.jpg 300w, https:\/\/www.worwani.eu\/wp-content\/uploads\/2013\/11\/mira2-1024x755.jpg 1024w, https:\/\/www.worwani.eu\/wp-content\/uploads\/2013\/11\/mira2-203x150.jpg 203w, https:\/\/www.worwani.eu\/wp-content\/uploads\/2013\/11\/mira2-150x110.jpg 150w\" sizes=\"auto, (max-width: 300px) 100vw, 300px\" \/><\/a><\/p>\n<p>&nbsp;<\/p>\n<p><strong>P\u0159ezd\u00edvka:<\/strong> Pra\u017e\u00e1k<\/p>\n<p><strong>Jm\u00e9no a p\u0159\u00edjmen\u00ed:<\/strong> M\u00edra Krej\u010d\u00ed<\/p>\n<p><strong>Stav:<\/strong> svobodn\u00fd<\/p>\n<p><strong>Rok narozen\u00ed<\/strong>: 1980<\/p>\n<p><strong>Bydli\u0161t\u011b:<\/strong> Havl\u00ed\u010dk\u016fv Brod<\/p>\n<p><strong>Z\u00e1jmy:<\/strong> Auto, moto, hudba, kytara (a\u017e mne na ni D\u00e1\u0148a nau\u010d\u00ed hr\u00e1t)<\/p>\n<p><strong>Obl\u00edben\u00e9 pit\u00ed:<\/strong> v\u00edno, metaxa, rum<\/p>\n<p><strong>Obl\u00edben\u00e9 j\u00eddlo:<\/strong> jak\u00e9koliv polotovary prohnan\u00e9 m\u00fdmi d\u011bl\u00e1tory<\/p>\n<p><strong>Motto \/ Obl\u00edben\u00e1 fr\u00e1ze:<\/strong> Co T\u011b nezabije, T\u011b pos\u00edl\u00ed.<\/p>\n<p><strong>Pro\u010d jsem u\u017eite\u010dn\u00fd:<\/strong> N\u011bkdo tu krysu cel\u00fd rok krmit mus\u00ed<\/p>\n<p><strong>Lo\u010f:<\/strong> obr\u00e1t\u00edm dnem vzh\u016fru cokoliv, co mi kamar\u00e1di p\u016fj\u010d\u00ed<\/p>\n<p><strong>Obl\u00edben\u00e1 \u0159eka:<\/strong> Otava<\/p>\n<p><strong>\u00a0<\/strong><\/p>\n<p>&nbsp;<\/p>\n","protected":false},"author":2,"featured_media":0,"parent":19,"menu_order":0,"comment_status":"open","ping_status":"open","template":"","meta":{"_bbp_topic_count":0,"_bbp_reply_count":0,"_bbp_total_topic_count":0,"_bbp_total_reply_count":0,"_bbp_voice_count":0,"_bbp_anonymous_reply_count":0,"_bbp_topic_count_hidden":0,"_bbp_reply_count_hidden":0,"_bbp_forum_subforum_count":0,"footnotes":""},"class_list":["post-551","page","type-page","status-publish","hentry"],"_links":{"self":[{"href":"https:\/\/www.worwani.eu\/index.php?rest_route=\/wp\/v2\/pages\/551","targetHints":{"allow":["GET"]}}],"collection":[{"href":"https:\/\/www.worwani.eu\/index.php?rest_route=\/wp\/v2\/pages"}],"about":[{"href":"https:\/\/www.worwani.eu\/index.php?rest_route=\/wp\/v2\/types\/page"}],"author":[{"embeddable":true,"href":"https:\/\/www.worwani.eu\/index.php?rest_route=\/wp\/v2\/users\/2"}],"replies":[{"embeddable":true,"href":"https:\/\/www.worwani.eu\/index.php?rest_route=%2Fwp%2Fv2%2Fcomments&post=551"}],"version-history":[{"count":9,"href":"https:\/\/www.worwani.eu\/index.php?rest_route=\/wp\/v2\/pages\/551\/revisions"}],"predecessor-version":[{"id":1634,"href":"https:\/\/www.worwani.eu\/index.php?rest_route=\/wp\/v2\/pages\/551\/revisions\/1634"}],"up":[{"embeddable":true,"href":"https:\/\/www.worwani.eu\/index.php?rest_route=\/wp\/v2\/pages\/19"}],"wp:attachment":[{"href":"https:\/\/www.worwani.eu\/index.php?rest_route=%2Fwp%2Fv2%2Fmedia&parent=551"}],"curies":[{"name":"wp","href":"https:\/\/api.w.org\/{rel}","templated":true}]}}