{"id":496,"date":"2013-11-15T09:19:20","date_gmt":"2013-11-15T08:19:20","guid":{"rendered":"http:\/\/www.worwani.eu\/?page_id=496"},"modified":"2013-11-15T09:22:11","modified_gmt":"2013-11-15T08:22:11","slug":"rakousko-nemecko-srpen-2008","status":"publish","type":"page","link":"https:\/\/www.worwani.eu\/?page_id=496","title":{"rendered":"Rakousko &#8211; N\u011bmecko &#8211; srpen 2008"},"content":{"rendered":"<div><\/div>\n<p>Tak, p\u0159\u00e1tel\u00e9, je to kone\u010dn\u011b tady! Po pom\u011brn\u011b dlouh\u00e9m odhodl\u00e1v\u00e1n\u00ed jsem se kone\u010dn\u011b dostal k seps\u00e1n\u00ed \u010dl\u00e1nku z pro m\u011b absolutn\u00edho vrcholu leto\u0161n\u00ed sez\u00f3ny \u2013 \u010dty\u0159denn\u00edho z\u00e1jezdu do N\u011bmecka a Rakouska.<\/p>\n<p><img loading=\"lazy\" decoding=\"async\" class=\"size-full wp-image-498 alignleft\" style=\"font-size: 12px; line-height: 18px;\" alt=\"clanek_tirol_1\" src=\"http:\/\/www.worwani.eu\/wp-content\/uploads\/2013\/11\/clanek_tirol_1.jpg\" width=\"300\" height=\"199\" srcset=\"https:\/\/www.worwani.eu\/wp-content\/uploads\/2013\/11\/clanek_tirol_1.jpg 300w, https:\/\/www.worwani.eu\/wp-content\/uploads\/2013\/11\/clanek_tirol_1-226x150.jpg 226w, https:\/\/www.worwani.eu\/wp-content\/uploads\/2013\/11\/clanek_tirol_1-150x99.jpg 150w, https:\/\/www.worwani.eu\/wp-content\/uploads\/2013\/11\/clanek_tirol_1-120x80.jpg 120w\" sizes=\"auto, (max-width: 300px) 100vw, 300px\" \/>Bohu\u017eel ne v\u0161ichni WorWan\u00ed m\u011bli na konci pr\u00e1zdnin \u010das, tak\u017ee jsme se tak n\u011bjak rozd\u011blili na dv\u011b skupiny. Skupina WorWan\u00ed A a p\u00e1r p\u0159icmrnd\u00e1va\u010d\u016f vyrazila\u00a0na \u010dty\u0159i dny na t\u011b\u017ekou vodu, skupina WorWan\u00ed B-C vyrazila na v\u00edkend na Salzu a Enns. Apropo \u2013 o\u010dek\u00e1v\u00e1me, \u017ee B\u00e1ba pod\u00e1 hl\u00e1\u0161en\u00ed. I kdy\u017e, co jsem tak sly\u0161el, B\u00e1bova pam\u011b\u0165 sah\u00e1 asi tak n\u011bkam k Jihlav\u011b&#8230;<\/p>\n<p>My jsme vyrazili\u00a0v p\u00e1tek 22.8. ve ve\u010dern\u00edch hodin\u00e1ch po pom\u011brn\u011b slo\u017eit\u00fdch man\u00e9vrech. M\u00edsto a \u010das odjezdu se toti\u017e za posledn\u00ed dva dny tolikr\u00e1t zm\u011bnily, \u017ee byl skoro div, \u017ee jsme v\u0161ichni dorazili na stejn\u00e9 m\u00edsto. I L\u016f\u010fa.<\/p>\n<p>Op\u011bt jsme se nechali vl\u00e1kat do Dannyho b\u00edl\u00e9ho transport\u00e9ru. Kupodivu jel a jedin\u00e9, co se za ty \u010dty\u0159i dny rozbilo, byla kli\u010dka u dve\u0159\u00ed. Jelo n\u00e1s osm, teda vlastn\u011b sedm, ale k tomu se dostanu&#8230; WorWan\u00ed: Bezi, Mon\u010da, Karlos, D\u00e1\u0148a. Ostatn\u00ed: Honza, Ani\u010dka, L\u016f\u010fa a \u0159idi\u010d Honza Kural. Ten se s transport\u00e9rem moc nemazlil, tak\u017ee cesta fakt ub\u00edhala dost rychle. Vesele jsme se bavili a pop\u00edjeli a Honz\u00edk s\u00a0Ani\u010dkou cosi smolili na no\u0165asu. N\u00e1hle vzduch pro\u0159\u00edzl st\u00edn rychle let\u00edc\u00edho p\u0159edm\u011btu a do dve\u0159\u00ed vedle m\u011b se zasekl po\u010d\u00edta\u010d. Vz\u00e1p\u011bt\u00ed mezi mnou a L\u016f\u010fou vybouchla plechovka piva. To Honza trestal no\u0165as za to, \u017ee nebyl schopen p\u0159ipojit se k internetu. Co se d\u00e1l d\u011blo nechci popisovat, proto\u017ee mi to p\u0159ipad\u00e1 uboh\u00e9&#8230;<\/p>\n<p>&#8230;Od hranic n\u00e1s u\u017e jelo jen sedm \u2013 Honza se vydal stopem zp\u00e1tky. Tady se asi slu\u0161\u00ed pod\u011bkovat Honzovi Kuralovi za to, \u017ee takhle blbou situaci ust\u00e1l a dovezl n\u00e1s a\u017e do N\u011bmecka. A te\u010f u\u017e jen vesele \ud83d\ude42<\/p>\n<p><b>Den prvn\u00ed \u2013 23.8. Loisach, Griesen Schlucht WW 3-4<\/b><\/p>\n<p>Hodn\u011b pozd\u011b v noci jsme v de\u0161ti a po tro\u0161e zmate\u010dn\u00e9ho bloud\u011bn\u00ed dojeli na na\u0161e obl\u00edben\u00e9 parkovi\u0161t\u011b uprost\u0159ed les\u016f a plni sm\u00ed\u0161en\u00fdch pocit\u016f hned zalehli. Loisach jsme nevid\u011bli, ale krav\u00e1l, kter\u00fd byl sly\u0161et z lesa d\u00e1val tu\u0161it, \u017ee tam asi te\u010de dost vody. Na ja\u0159e to takhle rozhodn\u011b nehu\u010delo&#8230;<\/p>\n<p><img loading=\"lazy\" decoding=\"async\" class=\"size-medium wp-image-499 alignright\" style=\"font-size: 12px; line-height: 18px;\" alt=\"clanek_tirol_2\" src=\"http:\/\/www.worwani.eu\/wp-content\/uploads\/2013\/11\/clanek_tirol_2.jpg\" width=\"300\" height=\"199\" srcset=\"https:\/\/www.worwani.eu\/wp-content\/uploads\/2013\/11\/clanek_tirol_2.jpg 300w, https:\/\/www.worwani.eu\/wp-content\/uploads\/2013\/11\/clanek_tirol_2-226x150.jpg 226w, https:\/\/www.worwani.eu\/wp-content\/uploads\/2013\/11\/clanek_tirol_2-150x99.jpg 150w, https:\/\/www.worwani.eu\/wp-content\/uploads\/2013\/11\/clanek_tirol_2-120x80.jpg 120w\" sizes=\"auto, (max-width: 300px) 100vw, 300px\" \/>R\u00e1no bylo po\u010das\u00ed o n\u011bco lep\u0161\u00ed a \u0159eka taky nevypadala a\u017e tak dramaticky. Dramaticky ale vypadal transport\u00e9r, kolem kter\u00fdho se v\u00e1lel neskute\u010dnej bordel: hadry, fla\u0161ky, vodnice a b\u016fhv\u00edco dal\u0161\u00edho. Jenom lidi (Honzu s Ani\u010dkou) nebylo v\u016fbec vid\u011bt. My se v klidu nasn\u00eddali, zabalili a pak, kolem p\u016fl jeden\u00e1ct\u00fd za\u010dali bejt nerv\u00f3zn\u00ed. Vyslali jsme L\u016f\u010fu, aby je probudil a vyhnal. Vr\u00e1til se s t\u00edm, \u017ee auto je bez reakce. Bezi a j\u00e1 jsme dopadli stejn\u011b, jen Karlos tvrdil, \u017ee sly\u0161el n\u011bjak\u00fd zamuml\u00e1n\u00ed. Kdy\u017e jsme otev\u0159eli dve\u0159e a za\u010dali dovnit\u0159 lifrovat pod tlakem bag\u00e1\u017e, vykulila se skoro pr\u00e1zdn\u00e1 litrovka vodky a pak nesourod\u00e1 sm\u011bs dal\u0161\u00edho bordelu, Honzy a Ani\u010dky. Nakonec se n\u00e1m to poda\u0159ilo n\u011bjak nacpat zp\u00e1tky do auta, rychle zabouchnout a odjet. Na\u0161t\u011bst\u00ed jsme nejeli daleko.<\/p>\n<p>Na n\u00e1stupn\u00edm m\u00edst\u011b se popelilo p\u00e1r n\u011bmeck\u00fdch kajak\u00e1\u0159\u016f, jinak nikde ani noha. \u010cas n\u00e1m nedovolil n\u011bco moc prohl\u00ed\u017eet, tak\u017ee jsme o\u010d\u00edhli jen n\u00e1jezd a pak nask\u00e1kali do lod\u00ed a vyrazili. Honz\u00edk\u016fv odjezd n\u00e1m trochu zam\u00edchal kartama, tak\u017ee jsme museli parti\u010dky rozd\u011blit takto: prvn\u00ed &#8211; Bezi, Mon\u010da, Karlos, druh\u00e1 \u2013 L\u016f\u010fa, Ani\u010dka, D\u00e1\u0148a. \u0158eka p\u011bkn\u011b tekla \u2013 sp\u00e1d tady m\u00e1 opravdu docela velkej, ale je to potok, tak\u017ee \u017e\u00e1dn\u00e1 brut\u00e1ln\u00ed s\u00edla, v\u00e1lce trhaj\u00edc\u00ed materi\u00e1l a dal\u0161\u00ed b\u011bsy se nekonaly. Sp\u00ed\u0161 to byla n\u00e1dhern\u00e1 kli\u010dkovan\u00e1 mezi velk\u00fdmi kameny, sem tam p\u011bknej pr\u016fskok a to cel\u00fd p\u011bkn\u011b z kopce. Prvn\u00ed krysa na sebe nenechala dlouho \u010dekat. Byla to Ani\u010dka a ulovila ji na dvojkov\u00fdm voleji. Po\u0159\u00e1dnej v\u00e1lec byl na spodn\u00edm Loisachu jen jeden. Karlose p\u011bkn\u011b semlel. Je\u0161t\u011b, \u017ee jsme \u010d\u00edhali opod\u00e1l s h\u00e1ze\u010dkou&#8230; Kajak bydlel ve v\u00e1lci p\u011bkn\u011b dlouho a pak si to samoz\u0159ejm\u011b nam\u00ed\u0159il na druhej b\u0159eh. Tam ho odlovili Bezi s Mon\u010dou.<\/p>\n<p>D\u00e1l se obt\u00ed\u017enost \u0159eky dost st\u0159\u00eddala. Chv\u00edli kus p\u0159ehledn\u00fd odpo\u010dinkov\u00fd vody, pak to n\u011bkde zmizelo mezi skalama a my museli ven a prohl\u00ed\u017eet. Co se tak pamatuju, byla tam asi je\u0161t\u011b dv\u011b zaj\u00edmav\u00e1 m\u00edsta \u2013 ne \u00fapln\u011b p\u0159ehledn\u00e1 pe\u0159ej kon\u010d\u00edc\u00ed hupem kolem sk\u00e1ly do takov\u00fdho proud\u00edc\u00edho lagunovrac\u00e1kov\u00fdva\u0159i\u0161t\u011b a pak kr\u00e1tkej katarakt\u00edk, kterej ze b\u0159ehu vypadal h\u016f\u0159, ne\u017e potom z vody. Za n\u00edm u\u017e nebylo nic, tak\u017ee Karlos mohl op\u011bt bezpe\u010dn\u011b krysit \ud83d\ude42<\/p>\n<p>Sotva jsme vylezli z lod\u00ed, spustil se pekelnej chlejst\u00e1k. Kdy\u017e trochu p\u0159estal, nav\u00e1zali jsme lod\u011b, nask\u00e1kali do auta a vyrazili na dal\u0161\u00ed cestu. Na\u0161\u00edm c\u00edlem byl Landeck v Rakousku. K na\u0161emu p\u0159ekvapen\u00ed navigace pravila, \u017ee to je jen asi osmdes\u00e1t kilometr\u016f. Honzov\u00fdm stylem j\u00edzdy asi p\u016fl hodiny p\u0159es Alpy \ud83d\ude42 Kemp v Landecku nefungoval. Poslali n\u00e1s do soukrom\u00fdho kemp\u00edku (Camping Riffler) asi o 300 metr\u016f d\u00e1l. Mal\u00fd, dost drah\u00fd, ale \u010dist\u00fd, klidn\u00fd a \u00fatuln\u00fd. Po\u0159\u00e1d dost pr\u0161elo, tak\u017ee jsme ud\u011blali p\u0159\u00edst\u0159e\u0161ek a vyt\u00e1hli gril. Na prvn\u00ed ve\u010de\u0159i toti\u017e Bezi nalo\u017eil maso. Kdy\u017e se vytasil se dv\u011bma k\u00fdbly od primalexu, pochopili jsme, \u017ee ho nalo\u017eil i na v\u0161echny dal\u0161\u00ed ve\u010de\u0159e a nic jin\u00e9ho prost\u011b nebudeme m\u00edt \u0161anci uva\u0159it&#8230;<\/p>\n<p><b>Den druh\u00fd \u2013 24.8. Sanna \u2013 soutok \u2013 Landeck WW 3 \u2013 4<\/b><\/p>\n<p><img loading=\"lazy\" decoding=\"async\" class=\"size-medium wp-image-500 alignleft\" style=\"font-size: 12px; line-height: 18px;\" alt=\"clanek_tirol_3\" src=\"http:\/\/www.worwani.eu\/wp-content\/uploads\/2013\/11\/clanek_tirol_3.jpg\" width=\"199\" height=\"300\" srcset=\"https:\/\/www.worwani.eu\/wp-content\/uploads\/2013\/11\/clanek_tirol_3.jpg 199w, https:\/\/www.worwani.eu\/wp-content\/uploads\/2013\/11\/clanek_tirol_3-99x150.jpg 99w\" sizes=\"auto, (max-width: 199px) 100vw, 199px\" \/>Probudili jsme se do n\u00e1dhern\u00e9ho r\u00e1na \u2013 nikde ani mr\u00e1\u010dek. P\u00e1r metr\u016f od kempu hu\u010dela Sanna. Podle internetu m\u011bla m\u00edt\u00a0v minul\u00fdch dnech pom\u011brn\u011b m\u00e1lo vody, ale vypadalo to, \u017ee po vydatn\u00e9m de\u0161ti nastoupala. Pl\u00e1novali jsme ji a\u017e na posledn\u00ed den, jako oddechovku p\u0159ed odjezdem dom\u016f, ale za t\u011bchto podm\u00ednek jsme se rozhodli sjet ji hned. K soutoku Rosanny a Trisanny to bylo p\u00e1r kilometr\u016f, tak\u017ee jsme na vodu vyr\u00e1\u017eeli pom\u011brn\u011b brzo. \u00dadol\u00ed bylo je\u0161t\u011b ve st\u00ednu. Prvn\u00ed m\u00edsto popsan\u00e9 jako \u010dty\u0159ka se jmenovalo Stiefes Eck. Nev\u00edm, ni\u010deho brut\u00e1ln\u00edho jsem si nev\u0161iml, povodn\u011b s t\u00edm asi dost pohnuly. Dlouh\u00e1 zat\u00e1\u010dka kolem sk\u00e1ly, v\u011bt\u0161\u00ed vlny, sem tam k\u00e1men a v\u00e1lec, ale v\u017edycky bylo kam uhnout. Podle m\u011b je nejlep\u0161\u00ed cesta prost\u011b prost\u0159edkem a ve chv\u00edli, kdy se otev\u0159e pohled za sk\u00e1lu, natla\u010dit se trochu doleva&#8230; D\u00e1l p\u0159\u00edjemn\u00e1 hrav\u00e1 voda na cvi\u010den\u00ed a\u017e p\u0159ed Pians. Tam se to skl\u00e1p\u00ed, \u0159eka je hodn\u011b rychl\u00e1 a i vlny jsou v\u011bt\u0161\u00ed. Pe\u0159eje jsou ale docela p\u0159ehledn\u00fd. N\u011bkde v Pians m\u011blo \u010dekat m\u00edsto nazvan\u00fd Pianser Schwall WW 4. Byli jsme z toho trochu nerv\u00f3zn\u00ed, proto\u017ee jsme ho neprohl\u00eddli a nev\u011bd\u011bli, kde p\u0159esn\u011b za\u010d\u00edn\u00e1 a kde m\u016f\u017eem zastavit. Jedin\u00e9, co jsme v\u011bd\u011bli bylo, \u017ee to m\u00e1 b\u00fdt t\u011bsn\u011b za star\u00fdm mostem. Ten jsme vid\u011bli z pe\u0159eje, kter\u00e1 kon\u010dila velikou lagunou za malou skalkou na prav\u00e9m b\u0159ehu. Rad\u0161i jsme tam vylezli a \u0161li se pod\u00edvat. Dr\u00e1pali jsme se nahoru do kopce n\u011bjakou zahradou kolem v\u010del\u00edch \u00fal\u016f a modlili se, aby n\u00e1s nevid\u011bl majitel. K Pianser Schwallu to ale bylo je\u0161t\u011b dost daleko. Vyplat\u00ed se sjet je\u0161t\u011b jednou pe\u0159ej\u00ed a\u017e pod most, kde je laguna, a hned za mostem vyl\u00e9zt na m\u011bl\u010dinu. Cel\u00e9 to za\u010d\u00edn\u00e1 t\u0159emi v\u00e1lci v navigaci \u2013 daj\u00ed se dob\u0159e jet p\u0159i prav\u00e9m b\u0159ehu, pak chvilka klidu (jen p\u00e1r metr\u016f) \u2013 b\u011bhem nich p\u0159ejet doleva a pak p\u011bkn\u011b z kopce ve velk\u00fdch, siln\u00fdch, nepravideln\u00fdch vln\u00e1ch. Na prav\u00e9 stran\u011b je za velk\u00fdm kamenem dlouhej vrac\u00e1k, ale proud m\u00e1 s\u00edlu, tak\u017ee jsme fakt museli m\u00e1knout. Karlos se tam p\u0159i prvn\u00ed j\u00edzd\u011b v\u016fbec nedostal&#8230; D\u00e1l u\u017e se to zd\u00e1 v pohod\u011b, proto \u010dlov\u011bka na konci nep\u0159\u00edjemn\u011b p\u0159ekvap\u00ed dal\u0161\u00ed t\u0159i v\u00e1lce. Cel\u00fd to m\u00e1 asi p\u016fl kilometru. Ulovili jsme tady dv\u011b krysi\u010dky. Mon\u010da se chytla hned naho\u0159e ve v\u00e1lci, chv\u00edli tam tr\u010dela, nezdvihla a Karlos, kterej u\u017e nemohl nic d\u011blat, se po n\u00ed je\u0161t\u011b projel. S\u00e1m pak skon\u010dil v jednom z t\u011bch t\u0159\u00ed v\u00e1lc\u016f na konci. Mon\u010du vyt\u00e1hl L\u016f\u010fa hned \u2013 \u010d\u00edhal s h\u00e1ze\u010dkou p\u0159\u00edmo pod m\u00edstem, kde vyplavala. Jak lovili K\u00e1ju nev\u00edm. Jel jsem na pomoc Bezimu hledat Mon\u010din kajak ( uplaval snad kil\u00e1k a p\u016fl ).<\/p>\n<p>Sannu jsme jeli dvakr\u00e1t. Odpoledne bylo m\u00ed\u0148 vody a \u0159eka byla \u00fapln\u011b jin\u00e1. Pianser Schwall se tentokr\u00e1t obe\u0161el bez krysy, i kdy\u017e j\u00e1, L\u016f\u010fa i Ani\u010dka jsme si o n\u00ed fakt koledovali. Karl\u00edk p\u0159edvedl s dieselem v jednom v\u00e1le\u010dku p\u0159ed Landeckem ne\u010dekanej rodeovej f\u00edgl a p\u0159ipsal si toho dne druhou krysu. Jo \u2013 a je\u0161t\u011b upozorn\u011bn\u00ed: za Pianser Schwallem dlouho v\u016fbec nic nen\u00ed. O to v\u00edc n\u00e1s p\u0159ekvapila pe\u0159ejka na dohled od Landecku. Jedem, kec\u00e1me a najednou jeden po druh\u00e9m pad\u00e1me z kopce. Bohu\u017eel to v\u0161ichni ust\u00e1li \ud83d\ude42<\/p>\n<p><b>Den t\u0159et\u00ed \u2013 25.8. Inn \u2013 T\u00f6sener Schlucht WW 3-4<\/b><\/p>\n<p><img loading=\"lazy\" decoding=\"async\" class=\"size-medium wp-image-501 alignright\" style=\"font-size: 12px; line-height: 18px;\" alt=\"clanek_tirol_4\" src=\"http:\/\/www.worwani.eu\/wp-content\/uploads\/2013\/11\/clanek_tirol_4.jpg\" width=\"300\" height=\"199\" srcset=\"https:\/\/www.worwani.eu\/wp-content\/uploads\/2013\/11\/clanek_tirol_4.jpg 300w, https:\/\/www.worwani.eu\/wp-content\/uploads\/2013\/11\/clanek_tirol_4-226x150.jpg 226w, https:\/\/www.worwani.eu\/wp-content\/uploads\/2013\/11\/clanek_tirol_4-150x99.jpg 150w, https:\/\/www.worwani.eu\/wp-content\/uploads\/2013\/11\/clanek_tirol_4-120x80.jpg 120w\" sizes=\"auto, (max-width: 300px) 100vw, 300px\" \/>R\u00e1no bylo op\u011bt kr\u00e1sn\u011b a my vstali docela brzo. Na n\u00e1stupn\u00ed m\u00edsto na T\u00f6sener Schluchtu to bylo z Landecku necel\u00fdch t\u0159icet kilometr\u016f. Jeli jsme pod\u00e9l Landecker Schluchtu, s hr\u016fzou koukali dol\u016f a modlili se, aby elektr\u00e1rna naho\u0159e nepustila vodu, proto\u017ee Bezi by byl ur\u010dit\u011b schopnej n\u00e1s do toho hn\u00e1t. T\u00f6sener Schlucht ze silnice nevypadal tak hrozn\u011b. M\u011bli jsme na\u010dteno, \u017ee za\u010d\u00edn\u00e1 \u010dty\u0159kov\u00fdm kataraktem a n\u011bkde v p\u016flce je \u00fadajn\u011b p\u011btkov\u00e1 pe\u0159ej. Co jsme ale nev\u011bd\u011bli bylo, \u017ee ten \u00favodn\u00ed katarakt m\u011b\u0159\u00ed kilometr a p\u016fl \ud83d\ude41 Trochu jsme ho prohl\u00ed\u017eeli, ale moc se toho nedalo pamatovat \u2013 vlastn\u011b jenom konec, kde cel\u00e1 \u0159eka valila na sk\u00e1lu s kapsou (lev\u00fd b\u0159eh). U prav\u00e9ho b\u0159ehu je ob\u0159\u00ed, trochu koluj\u00edc\u00ed vrac\u00e1k, do kter\u00e9ho, jak se uk\u00e1zalo, byl docela probl\u00e9m se dostat. Proud m\u00e1 fakt s\u00edlu a na rozhran\u00ed bublaj karfioly velk\u00fd jak dod\u00e1vky.<\/p>\n<p>Nased\u00e1me nad kataraktem (je tam u silnice kr\u00e1snej pl\u00e1cek na zastaven\u00ed a n\u00e1dhern\u00e1 pl\u00e1\u017ei\u010dka) a jedem jen v p\u011bti. K\u00e1ja se rozhodl tuhle \u0159eku vynechat. Chvilka klidu, pak se objev\u00ed most a taky prvn\u00ed vlny jak bar\u00e1ky. Za mostem se d\u00e1 je\u0161t\u011b zastavit ve vrac\u00e1ku a vydejchat, ale d\u00e1l u\u017e to nejde. Vlny, \u0161utry, p\u011bna, v\u00e1lce, L\u016f\u010fa eskymuje, zat\u00e1\u010dka, t\u0159i ob\u0159\u00ed v\u00e1lce p\u0159i prav\u00e9m b\u0159ehu &#8211; hur\u00e1 doleva ke sk\u00e1le (ale ne zase moc) a hned zase fofrem zp\u00e1tky doprava do vrac\u00e1ku. Na rozhran\u00ed mi pod lod\u00ed vybuchne kv\u011bt\u00e1k a chv\u00edli v\u016fbec netu\u0161\u00edm, kde jsem. Pak stoj\u00edme na b\u0159ehu a lapeme po dechu. Neplaval nikdo, ale byla to fakt s\u00edla.<\/p>\n<p>D\u00e1l je to p\u0159\u00edjemn\u00e1, skoro se mi chce \u0159\u00edct dvojkov\u00e1, krajinovka. N\u011bkde zhruba v p\u016flce T\u00f6sener Schluchtu je ta pe\u0159ej, co jsme o n\u00ed \u010detli. Nev\u00edm \u2013 prohl\u00ed\u017eet to asi \u0161lo, ale n\u00e1m se necht\u011blo chodit a\u017e dol\u016f, tak\u017ee jsme to jeli na vo\u010di. P\u011bknej kopec, vlny jak bar\u00e1ky a \u00fapln\u011b dole p\u0159i prav\u00e9m b\u0159ehu v\u00e1lec jako kr\u00e1va. V\u0161ichni ho vid\u011bli a uhnuli, jenom L\u016f\u010fa ho nap\u00e1lil p\u0159\u00edmo na komoru. Vlet\u011bl do n\u011bj jak do pe\u0159iny, ale m\u011bl p\u0159i tom takovou rychlost, \u017ee ho v\u00e1lec jen pr\u00e1skl a pustil. Asi o kilometr d\u00e1l se \u0159eka d\u011blila v zat\u00e1\u010dce do t\u0159\u00ed ramen. Ze silnice jsme p\u0159edt\u00edm vid\u011bli, \u017ee to \u00fapln\u011b vpravo bude asi nejsch\u016fdn\u011bj\u0161\u00ed, tak\u017ee jsme jeli rovnou tam. Asi jsme dob\u0159e ud\u011blali. I tak to p\u011bkn\u011b sk\u00e1kalo&#8230; Pak u\u017e jen nen\u00e1ro\u010dnej dojezd, a piknik v par\u010d\u00edku u \u0159eky. Proto\u017ee bylo je\u0161t\u011b docela brzo odpoledne, rozhodli jsme se, \u017ee pojedem okouknout \u00d6tztaller Ache, kterou jsme m\u011bli napl\u00e1novanou na p\u0159\u00ed\u0161t\u00ed den. Do\u0161li jsme k jezu v Brunau, vymysleli, kde zastavit, a pak \u0161li prohl\u00eddnout \u00fadajn\u011b nejobt\u00ed\u017en\u011bj\u0161\u00ed m\u00edsto na Untere \u00d6tzu \u2013 sesutou str\u00e1\u0148 v zat\u00e1\u010dce se spoustou kamen\u016f. Mezi kamenama se schov\u00e1valy minim\u00e1ln\u011b t\u0159i po\u0159\u00e1dn\u00fd d\u00edry. No, nic p\u011bkn\u00fdho, ale dneska u\u017e jsme vid\u011bli tolik, \u017ee n\u00e1m to p\u0159i\u0161lo celkem v pohod\u011b. Pak jsme asi hodinu p\u0159e\u0161lapovali naho\u0159e u slalomky a \u0159e\u0161ili, kudy to jet. Proto\u017ee jsme m\u011bli u\u017e notn\u011b upito, ni\u010deho jsme se neb\u00e1li a jedna \u0161\u00edlen\u00e1 teorie st\u0159\u00eddala druhou&#8230;<\/p>\n<p>Pak jsme se \u0161li pod\u00edvat nahoru na Wellerbr\u00fccke, \u017ee to m\u00e1 n\u011bkdy zanedlouho jet Pr\u010foch. No \u2013 fakt s\u00edla. Popsal bych to asi takto: \u0161estkovej vodop\u00e1d, pak lagunka WW5, vodop\u00e1d WW6, sifon, vodop\u00e1d, sifon, lagunka WW5 atd. Pod vlivem dobr\u00e9ho v\u00ednka jsem vymyslel super cestu, ale srab\u00edci se mnou necht\u011bli jet. Jo \u2013 Pr\u010fochu, a\u017e nad t\u00edm bude\u0161 st\u00e1t a \u0159e\u0161it, klidn\u011b mi zavolej, m\u00e1m to po\u0159\u00e1d je\u0161t\u011b v hlav\u011b a r\u00e1d ti po telefonu porad\u00edm \ud83d\ude42<\/p>\n<p><b>Den \u010dtvrt\u00fd \u2013 26.8. \u00d6tztaller Ache \u2013 Untere \u00d6tz WW 4-5<\/b><\/p>\n<p>R\u00e1no je zase kr\u00e1sn\u011b a my m\u00ed\u0159\u00edme na nejt\u011b\u017e\u0161\u00ed \u0159eku na\u0161eho leto\u0161n\u00edho p\u00e1dlov\u00e1n\u00ed. U slalomky zase prostoj\u00edme svoj\u00ed hodinku a proto\u017ee v\u010derej\u0161\u00ed alkoholov\u00e9 opojen\u00ed u\u017e vyprchalo, j\u00e1 a Karlos se rozhodujem, \u017ee nasednem a\u017e pod n\u00ed. Kdybychom, blbci, v\u011bd\u011bli, \u017ee slalomka je nejleh\u010d\u00ed \u00fasek na \u00d6tzu, u\u0161et\u0159ili bychom si spoustu nerv\u016f. Tak\u017ee: sed\u00edm v kajaku na \u0161utru p\u0159ipravenej vyrazit, kdyby n\u011bkdo plaval. Projede Mon\u010da s Bezim \u2013 vcelku na pohodu. Pak se dlouho n<img loading=\"lazy\" decoding=\"async\" class=\"size-medium wp-image-502 alignleft\" style=\"font-size: 12px; line-height: 18px;\" alt=\"clanek_tirol_5\" src=\"http:\/\/www.worwani.eu\/wp-content\/uploads\/2013\/11\/clanek_tirol_5.jpg\" width=\"199\" height=\"300\" srcset=\"https:\/\/www.worwani.eu\/wp-content\/uploads\/2013\/11\/clanek_tirol_5.jpg 199w, https:\/\/www.worwani.eu\/wp-content\/uploads\/2013\/11\/clanek_tirol_5-99x150.jpg 99w\" sizes=\"auto, (max-width: 199px) 100vw, 199px\" \/>ic ned\u011bje. V tu chv\u00edli m\u011b p\u0159epad\u00e1 my\u0161lenka, co tady vlastn\u011b \u0159e\u0161\u00edm. Vylet\u00edm ven a s lod\u00ed na rameni pel\u00e1\u0161\u00edm nad slalomku. Ani\u010dka s L\u016f\u010fou se pr\u00e1v\u011b handrkujou. L\u016f\u010fa toti\u017e chce jet jinudy ne\u017e Bezi. Tak\u017ee jedu nakonec prvn\u00ed, za mnou Ani\u010dka (dali jsme to s prstem v nose) a posledn\u00ed L\u016f\u010fa svoj\u00ed cestou. Nechce se mu do proudu, tak\u017ee se a\u017e dol\u016f pl\u00ed\u017e\u00ed p\u0159i b\u0159ehu. Pak se zamot\u00e1v\u00e1 do \u0161utr\u016f a zakon\u010duje to excelentn\u00edm skokem z balvanu p\u0159\u00edmo do v\u00e1lce&#8230; P\u0159id\u00e1v\u00e1 se k n\u00e1m Karlos, ale \u0159eka rozhodn\u011b nen\u00ed leh\u010d\u00ed. Sp\u00e1d jako bl\u00e1zen, rychlost, kameny, v\u00e1lce. Jednotliv\u00fd pe\u0159eje jsou fakt dlouh\u00fd. Pod d\u0159ev\u011bnou l\u00e1vkou n\u00e1m K\u00e1j\u00edk miz\u00ed ve v\u00e1lci a hned vyplave. Na\u0161t\u011bst\u00ed si vybral jedin\u00fd mo\u017en\u00fd m\u00edsto, kde jsme ho mohli bleskov\u011b do\u0161\u0165ouchat do vrac\u00e1ku a chytit i kajak. Pe\u0159ej pokra\u010duje je\u0161t\u011b tak p\u016fl kilometru, pak u\u017e je \u0159eka klidn\u011bj\u0161\u00ed. A\u017e k jezu v Brunau n\u00e1s u\u017e nic dramatick\u00e9ho ne\u010dek\u00e1. Jez p\u0159etahujem (tot\u00e1ln\u00ed smr\u0165\u00e1k) a pokra\u010dujem k m\u00edstu, kter\u00e9 jsme v\u010dera prohl\u00ed\u017eeli. Je ale v\u00edc vody, tak\u017ee to vypad\u00e1 \u00fapln\u011b jinak. Rozhodujem se, \u017ee to znova prohl\u00ed\u017eet a ani jistit nebudem a jeden po druh\u00e9m do toho naj\u00ed\u017ed\u00edme. Kamen\u016f kouk\u00e1 m\u00ed\u0148, ale v\u00e1lce maj\u00ed o to v\u011bt\u0161\u00ed s\u00edlu. Berou rychlost, skoro zastavujou. L\u016f\u010fa v\u0161echny t\u0159i proeskymuje. Ani\u010dka je prokrauluje za lod\u00ed. Pod pe\u0159ej\u00ed j\u00ed s L\u016f\u010fou t\u00e1hnem i s kajakem na m\u011bl\u010dinu. Je v pohod\u011b, tak\u017ee jedem hned d\u00e1l. Dal\u0161\u00ed kr\u00e1sn\u00e1 pe\u0159ej je pak je\u0161t\u011b p\u0159i \u00fast\u00ed do Innu. D\u00e1l pokra\u010dujeme po na\u0161em obl\u00edben\u00e9m Imster Schluchtu. Je tady podstatn\u011b v\u00edc vody ne\u017e zjara, Ani\u010dka n\u00e1m tady jednou plave a L\u016f\u010fa miz\u00ed a\u017e po hlavu v rozhran\u00ed proud\u016f. Po dojezdu do Haimingu \u010dek\u00e1me stra\u0161n\u011b dlouho na Honzu. Nepochopil, \u017ee \u00d6tztallerka je fakt rychl\u00e1 \u0159eka a \u010dekal na n\u00e1s s kamerou na m\u00edst\u011b, kter\u00fdm jsme u\u017e d\u00e1vno projeli. Pak u\u017e jen balen\u00ed a dlouh\u00e1 no\u010dn\u00ed j\u00edzda zp\u00e1tky do \u010cech. Ani se mi necht\u011blo&#8230;.<\/p>\n","protected":false},"excerpt":{"rendered":"<p>Tak, p\u0159\u00e1tel\u00e9, je to kone\u010dn\u011b tady! Po pom\u011brn\u011b dlouh\u00e9m odhodl\u00e1v\u00e1n\u00ed jsem se kone\u010dn\u011b dostal k seps\u00e1n\u00ed \u010dl\u00e1nku z pro m\u011b absolutn\u00edho vrcholu leto\u0161n\u00ed sez\u00f3ny \u2013 \u010dty\u0159denn\u00edho z\u00e1jezdu do N\u011bmecka a Rakouska.<\/p>\n<p><img loading=\"lazy\" decoding=\"async\" class=\"size-full wp-image-498 alignleft\" style=\"font-size: 12px; line-height: 18px;\" alt=\"clanek_tirol_1\" src=\"http:\/\/www.worwani.eu\/wp-content\/uploads\/2013\/11\/clanek_tirol_1.jpg\" width=\"300\" height=\"199\" srcset=\"https:\/\/www.worwani.eu\/wp-content\/uploads\/2013\/11\/clanek_tirol_1.jpg 300w, https:\/\/www.worwani.eu\/wp-content\/uploads\/2013\/11\/clanek_tirol_1-226x150.jpg 226w, https:\/\/www.worwani.eu\/wp-content\/uploads\/2013\/11\/clanek_tirol_1-150x99.jpg 150w, https:\/\/www.worwani.eu\/wp-content\/uploads\/2013\/11\/clanek_tirol_1-120x80.jpg 120w\" sizes=\"auto, (max-width: 300px) 100vw, 300px\" \/>Bohu\u017eel ne v\u0161ichni WorWan\u00ed m\u011bli na konci pr\u00e1zdnin \u010das, tak\u017ee jsme se tak n\u011bjak rozd\u011blili na dv\u011b skupiny. Skupina WorWan\u00ed A a p\u00e1r p\u0159icmrnd\u00e1va\u010d\u016f vyrazila\u00a0na \u010dty\u0159i dny na t\u011b\u017ekou vodu, skupina WorWan\u00ed B-C vyrazila na v\u00edkend na Salzu a Enns. Apropo \u2013  \u2026 <a href=\"https:\/\/www.worwani.eu\/?page_id=496\">pro pokra\u010dov\u00e1n\u00ed ve \u010dten\u00ed klikn\u011bte tady&#8230; <span class=\"meta-nav\">&rarr; <\/span><\/a><\/p>\n","protected":false},"author":2,"featured_media":0,"parent":483,"menu_order":0,"comment_status":"open","ping_status":"open","template":"","meta":{"_bbp_topic_count":0,"_bbp_reply_count":0,"_bbp_total_topic_count":0,"_bbp_total_reply_count":0,"_bbp_voice_count":0,"_bbp_anonymous_reply_count":0,"_bbp_topic_count_hidden":0,"_bbp_reply_count_hidden":0,"_bbp_forum_subforum_count":0,"footnotes":""},"class_list":["post-496","page","type-page","status-publish","hentry"],"_links":{"self":[{"href":"https:\/\/www.worwani.eu\/index.php?rest_route=\/wp\/v2\/pages\/496","targetHints":{"allow":["GET"]}}],"collection":[{"href":"https:\/\/www.worwani.eu\/index.php?rest_route=\/wp\/v2\/pages"}],"about":[{"href":"https:\/\/www.worwani.eu\/index.php?rest_route=\/wp\/v2\/types\/page"}],"author":[{"embeddable":true,"href":"https:\/\/www.worwani.eu\/index.php?rest_route=\/wp\/v2\/users\/2"}],"replies":[{"embeddable":true,"href":"https:\/\/www.worwani.eu\/index.php?rest_route=%2Fwp%2Fv2%2Fcomments&post=496"}],"version-history":[{"count":3,"href":"https:\/\/www.worwani.eu\/index.php?rest_route=\/wp\/v2\/pages\/496\/revisions"}],"predecessor-version":[{"id":503,"href":"https:\/\/www.worwani.eu\/index.php?rest_route=\/wp\/v2\/pages\/496\/revisions\/503"}],"up":[{"embeddable":true,"href":"https:\/\/www.worwani.eu\/index.php?rest_route=\/wp\/v2\/pages\/483"}],"wp:attachment":[{"href":"https:\/\/www.worwani.eu\/index.php?rest_route=%2Fwp%2Fv2%2Fmedia&parent=496"}],"curies":[{"name":"wp","href":"https:\/\/api.w.org\/{rel}","templated":true}]}}