{"id":418,"date":"2013-11-15T08:16:57","date_gmt":"2013-11-15T07:16:57","guid":{"rendered":"http:\/\/www.worwani.eu\/?page_id=418"},"modified":"2013-11-15T09:07:02","modified_gmt":"2013-11-15T08:07:02","slug":"2009-2","status":"publish","type":"page","link":"https:\/\/www.worwani.eu\/?page_id=418","title":{"rendered":"2009"},"content":{"rendered":"<p><a href=\"http:\/\/www.worwani.eu\/?page_id=420\"><strong>Turistika v Rakousku &#8211; Pepin\u016fv k\u0159est<\/strong><\/a><\/p>\n<p><a href=\"http:\/\/www.worwani.eu\/?page_id=429\"><strong>Salza a Schwarza<\/strong><\/a><\/p>\n<p><a href=\" http:\/\/www.worwani.eu\/?page_id=433\"><strong>Kamenda ve \u010dty\u0159ech<\/strong><\/a><\/p>\n<p><a href=\"http:\/\/www.worwani.eu\/?page_id=441\"><strong>Megavoda ve Slovinsku<\/strong><\/a><\/p>\n<p><a href=\"http:\/\/www.worwani.eu\/?page_id=451\"><strong>Doubrava (Pa\u0159\u00ed\u017eov &#8211; Ronov)<\/strong><\/a><\/p>\n<p><a href=\"http:\/\/www.worwani.eu\/?page_id=459\"><strong>Stvo\u0159idla, Stvo\u0159idla a zase Stvo\u0159idla<\/strong><\/a><\/p>\n<p><a href=\" http:\/\/www.worwani.eu\/?page_id=462\"><strong>Hur\u00e1 na vodu &#8211; horn\u00ed Doubrava<\/strong><\/a><\/p>\n<p><a href=\"http:\/\/www.worwani.eu\/?page_id=471\"><strong>Rozlou\u010den\u00ed s vodou 2008<\/strong><\/a><\/p>\n<p><a href=\"http:\/\/www.worwani.eu\/?page_id=48\"><strong>Creek na Vyso\u010din\u011b<\/strong><\/a><\/p>\n","protected":false},"excerpt":{"rendered":"<p><a href=\"http:\/\/www.worwani.eu\/?page_id=420\"><strong>Turistika v Rakousku &#8211; Pepin\u016fv k\u0159est<\/strong><\/a><\/p>\n<p><a href=\"http:\/\/www.worwani.eu\/?page_id=429\"><strong>Salza a Schwarza<\/strong><\/a><\/p>\n<p><a href=\" http:\/\/www.worwani.eu\/?page_id=433\"><strong>Kamenda ve \u010dty\u0159ech<\/strong><\/a><\/p>\n<p><a href=\"http:\/\/www.worwani.eu\/?page_id=441\"><strong>Megavoda ve Slovinsku<\/strong><\/a><\/p>\n<p><a href=\"http:\/\/www.worwani.eu\/?page_id=451\"><strong>Doubrava (Pa\u0159\u00ed\u017eov &#8211; Ronov)<\/strong><\/a><\/p>\n<p><a href=\"http:\/\/www.worwani.eu\/?page_id=459\"><strong>Stvo\u0159idla, Stvo\u0159idla a zase Stvo\u0159idla<\/strong><\/a><\/p>\n<p><a href=\" http:\/\/www.worwani.eu\/?page_id=462\"><strong>Hur\u00e1 na vodu &#8211; horn\u00ed Doubrava<\/strong><\/a><\/p>\n<p><a href=\"http:\/\/www.worwani.eu\/?page_id=471\"><strong>Rozlou\u010den\u00ed s vodou 2008<\/strong><\/a><\/p>\n<p><a href=\"http:\/\/www.worwani.eu\/?page_id=48\"><strong>Creek na Vyso\u010din\u011b<\/strong><\/a><\/p>\n","protected":false},"author":2,"featured_media":0,"parent":71,"menu_order":0,"comment_status":"open","ping_status":"open","template":"","meta":{"_bbp_topic_count":0,"_bbp_reply_count":0,"_bbp_total_topic_count":0,"_bbp_total_reply_count":0,"_bbp_voice_count":0,"_bbp_anonymous_reply_count":0,"_bbp_topic_count_hidden":0,"_bbp_reply_count_hidden":0,"_bbp_forum_subforum_count":0,"footnotes":""},"class_list":["post-418","page","type-page","status-publish","hentry"],"_links":{"self":[{"href":"https:\/\/www.worwani.eu\/index.php?rest_route=\/wp\/v2\/pages\/418","targetHints":{"allow":["GET"]}}],"collection":[{"href":"https:\/\/www.worwani.eu\/index.php?rest_route=\/wp\/v2\/pages"}],"about":[{"href":"https:\/\/www.worwani.eu\/index.php?rest_route=\/wp\/v2\/types\/page"}],"author":[{"embeddable":true,"href":"https:\/\/www.worwani.eu\/index.php?rest_route=\/wp\/v2\/users\/2"}],"replies":[{"embeddable":true,"href":"https:\/\/www.worwani.eu\/index.php?rest_route=%2Fwp%2Fv2%2Fcomments&post=418"}],"version-history":[{"count":11,"href":"https:\/\/www.worwani.eu\/index.php?rest_route=\/wp\/v2\/pages\/418\/revisions"}],"predecessor-version":[{"id":482,"href":"https:\/\/www.worwani.eu\/index.php?rest_route=\/wp\/v2\/pages\/418\/revisions\/482"}],"up":[{"embeddable":true,"href":"https:\/\/www.worwani.eu\/index.php?rest_route=\/wp\/v2\/pages\/71"}],"wp:attachment":[{"href":"https:\/\/www.worwani.eu\/index.php?rest_route=%2Fwp%2Fv2%2Fmedia&parent=418"}],"curies":[{"name":"wp","href":"https:\/\/api.w.org\/{rel}","templated":true}]}}